000
CXUX51 KGYX 032117
CLMGYX

PWMCLMGYX 000
TTAA00 GYX 021511

CLIMATE REPORT
NATIONAL WEATHER SERVICE GRAY ME
1110 AM EDT FRI SEP 02 2022

...................................

...THE GRAY ME CLIMATE SUMMARY FOR THE MONTH OF AUGUST 2022...

CLIMATE NORMAL PERIOD: 1991 TO 2020
CLIMATE RECORD PERIOD: 1995 TO 2022

WEATHER         OBSERVED          NORMAL  DEPART   LAST YEAR`S
                VALUE   DATE(S)   VALUE   FROM     VALUE
                                          NORMAL
..............................................................
TEMPERATURE (F)
RECORD
 HIGH             96   08/12/2016
                       08/09/2001
                       08/08/2001
 LOW              46   08/31/2002
HIGHEST           94   08/07         90       4       90
LOWEST            56   08/13         50       6       54
AVG. MAXIMUM    80.7               78.2     2.5     79.7
AVG. MINIMUM    62.1               58.9     3.2     62.9
MEAN            71.4               68.6     2.8     71.3
DAYS MAX >= 90     1                1.4    -0.4        2
DAYS MAX <= 32     0                0.0     0.0        0
DAYS MIN <= 32     0                0.0     0.0        0
DAYS MIN <= 0      0                0.0     0.0        0

PRECIPITATION (INCHES)
RECORD
 MAXIMUM        8.19   2011
 MINIMUM        0.16   1996
TOTALS          4.25               3.84    0.41     1.69
DAILY AVG.      0.14               0.12    0.02     0.05
DAYS >= .01       11               11.1    -0.1       14
DAYS >= .10        9                6.3     2.7        6
DAYS >= .50        2                2.3    -0.3        0
DAYS >= 1.00       1                0.9     0.1        0
GREATEST
 24 HR. TOTAL   1.73   08/31

SNOWFALL (INCHES)
RECORDS
 TOTAL           0.0
TOTALS           0.0                0.0     0.0      0.0
SINCE 7/1        0.0                0.0     0.0      0.0
SNOWDEPTH AVG.     0
DAYS >= TRACE      0                0.0     0.0        0
DAYS >= 1.0        0                0.0     0.0        0
GREATEST
 SNOW DEPTH        0                                   0
 24 HR TOTAL       0

DEGREE DAYS
HEATING TOTAL      3                 21     -18        8
 SINCE 7/1         3                 31     -28       48
COOLING TOTAL    209                131      78      207
 SINCE 1/1       550                357     193      510
..............................................................



-  INDICATES NEGATIVE NUMBERS.
R  INDICATES RECORD WAS SET OR TIED.
MM INDICATES DATA IS MISSING.
T  INDICATES TRACE AMOUNT.

&&

AUGUST WAS WARMER AND WETTER THAN NORMAL IN THE GRAY AREA. THE MOST
PERSISTENT HEAT OCCURRED EARLY IN THE MONTH WHILE THE MAJORITY OF
THE RAINFALL OCCURRED DURING THE SECOND HALF OF THE MONTH. EARLY IN
THE MONTH, A BROAD RIDGE STARTED TO DEVELOP IN THE MID LEVELS OF THE
ATMOSPHERE ACROSS THE CENTRAL PART OF THE CONUS. BY THE END OF THE
FIRST WEEK OF AUGUST, THIS RIDGE EXPANDED AND SHIFTED EAST WITH THE
CENTER OF THE RIDGE MOVING OVER NEW ENGLAND. THIS RIDGE PERSISTED
INTO THE SECOND WEEK OF AUGUST AND WAS RESPONSIBLE FOR THE HOTTEST
STRETCH OF WEATHER DURING THE SUMMER MONTHS IN THE GRAY AREA. FROM
AUGUST 4TH TO 8TH HIGH TEMPERATURES WERE IN THE UPPER 80S TO MID 90S
WHILE LOW TEMPERATURES DID NOT DROP BELOW 70 DEGREES FROM THE 5TH TO
THE 7TH. A SLOW MOVING COLD FRONT APPROACHED ON THE 8TH BRINGING
SHOWERS AND COOLER WEATHER FROM THE 10TH TO THE 13TH. A RIDGE
STARTED TO BUILD OVER THE WESTERN ATLANTIC DURING THE THIRD WEEK OF
THE MONTH THAT ALLOWED FOR WARMER AND MORE HUMID CONDITIONS THAT
GENERALLY PERSISTED THROUGH THE END OF THE MONTH. DURING THE FINAL
10 DAYS OF THE MONTH A SERIES OF UPPER TROUGHS PUSHED ACROSS
SOUTHEASTERN CANADA WITH FRONTAL SYSTEMS BRINGING BOUTS OF RAIN.

THE AVERAGE TEMPERATURE FOR THE MONTH WAS 71.4 DEGREES, WHICH WAS
2.8 DEGREES ABOVE NORMAL AND THE 4TH WARMEST AUGUST ON RECORD. THE
WARMEST AUGUST WAS 72.2 DEGREES IN 2001. THE COOLEST WAS 66.0
DEGREES IN 2008. THE FOLLOWING TABLE LISTS THE WARMEST AVERAGE
AUGUST TEMPERATURES AT GRAY.

WARMEST AVERAGE TEMPERATURE IN AUGUST (SINCE 1996)...
RANK  TEMP  YEAR
1     72.2  2002
2     72.1  2016
      72.1  2002
4     71.4  2022
5     71.3  2021

A TOTAL OF 4.25 INCHES OF PRECIPITATION FELL, WHICH WAS 0.41 INCHES
ABOVE NORMAL. THE WETTEST AUGUST WAS 8.19 INCHES IN 2011. THE DRIEST
WAS 0.16 INCHES IN 1996. THE HEAVIEST PRECIPITATION FELL ON THE 31ST
WHEN 1.73 INCHES WERE RECORDED.

$$

DS
