000
CXUS54 KJAN 012031
CLMHBG

CLIMATE REPORT
NATIONAL WEATHER SERVICE JACKSON MS
331 PM CDT THU SEP 01 2022

...................................

...THE HATTIESBURG CLIMATE SUMMARY FOR THE MONTH OF AUGUST 2022...

CLIMATE NORMAL PERIOD: 1991 TO 2020
CLIMATE RECORD PERIOD: 1893 TO 2022

WEATHER         OBSERVED          NORMAL  DEPART   LAST YEAR`S
                VALUE   DATE(S)   VALUE   FROM     VALUE DATE(S)
                                          NORMAL
................................................................
TEMPERATURE (F)
RECORD
 HIGH            106   08/30/1951
 LOW              55   08/15/2004
                       08/28/1952
HIGHEST           96   08/16         MM      MM       96  08/23
                                                          08/24
                                                          08/25
LOWEST            70   08/24         71      -1       65  08/05
AVG. MAXIMUM    89.2               91.8    -2.6     91.4
AVG. MINIMUM    72.8               71.8     1.0     72.9
MEAN            81.0               81.8    -0.8     82.1
DAYS MAX >= 90    17               24.6    -7.6       24
DAYS MAX <= 32     0                0.0     0.0        0
DAYS MIN <= 32     0                0.0     0.0        0
DAYS MIN <= 0      0                0.0     0.0        0

PRECIPITATION (INCHES)
RECORD
 MAXIMUM       14.68   2012
 MINIMUM        0.19   1976
TOTALS         11.27               4.75    6.52     7.94
DAILY AVG.      0.36               0.15    0.21     0.26
DAYS >= .01       20               12.3     7.7       13
DAYS >= .10       17                7.5     9.5        9
DAYS >= .50        7                3.7     3.3        4
DAYS >= 1.00       4                1.8     2.2        3
GREATEST
 24 HR. TOTAL   2.10   08/22 TO 08/22               4.72

SNOWFALL (INCHES)
TOTALS           0.0
SINCE 7/1        0.0
DAYS >= TRACE      0
DAYS >= 1.0        0
GREATEST
 24 HR TOTAL      MM

DEGREE DAYS
HEATING TOTAL      0                  0       0        0
 SINCE 7/1         0                  0       0       MM
COOLING TOTAL    503                521     -18      536
 SINCE 1/1      2214               1923     291       MM
................................................................

WIND (MPH)
AVERAGE WIND SPEED              3.0
HIGHEST WIND SPEED/DIRECTION    29/170    DATE  08/24
HIGHEST GUST SPEED/DIRECTION    38/150    DATE  08/24

SKY COVER
POSSIBLE SUNSHINE (PERCENT)   MM
AVERAGE SKY COVER           0.41
NUMBER OF DAYS FAIR           14
NUMBER OF DAYS PC             13
NUMBER OF DAYS CLOUDY          4

AVERAGE RH (PERCENT)     81

WEATHER CONDITIONS. NUMBER OF DAYS WITH
THUNDERSTORM             21     MIXED PRECIP               0
HEAVY RAIN               16     RAIN                      20
LIGHT RAIN               23     FREEZING RAIN              0
LT FREEZING RAIN          0     HAIL                       0
HEAVY SNOW                0     SNOW                       0
LIGHT SNOW                0     SLEET                      0
FOG                      29     FOG W/VIS <= 1/4 MILE     11
HAZE                      3

-  INDICATES NEGATIVE NUMBERS.
R  INDICATES RECORD WAS SET OR TIED.
MM INDICATES DATA IS MISSING.
T  INDICATES TRACE AMOUNT.

$$
