000
CXUS54 KJAN 011444
CLMHBG

CLIMATE REPORT
NATIONAL WEATHER SERVICE JACKSON MS
944 AM CDT FRI SEP 01 2023

...................................

...THE HATTIESBURG CLIMATE SUMMARY FOR THE MONTH OF AUGUST 2023...

CLIMATE NORMAL PERIOD: 1991 TO 2020
CLIMATE RECORD PERIOD: 1893 TO 2023

WEATHER         OBSERVED          NORMAL  DEPART   LAST YEAR`S
                VALUE   DATE(S)   VALUE   FROM     VALUE DATE(S)
                                          NORMAL
................................................................
TEMPERATURE (F)
RECORD
 HIGH            107   08/26/2023
 LOW              55   08/15/2004
                       08/28/1952
HIGHEST          107R  08/26         MM      MM       96  08/16
LOWEST            65   08/17         71      -6       70  08/24
AVG. MAXIMUM   101.6               91.8     9.8     89.2
AVG. MINIMUM    75.7               71.8     3.9     72.8
MEAN            88.7               81.8     6.9     81.0
DAYS MAX >= 90    31               24.6     6.4       17
DAYS MAX <= 32     0                0.0     0.0        0
DAYS MIN <= 32     0                0.0     0.0        0
DAYS MIN <= 0      0                0.0     0.0        0

PRECIPITATION (INCHES)
RECORD
 MAXIMUM       14.68   2012
 MINIMUM        0.19   1976
TOTALS          0.85               4.75   -3.90    11.27
DAILY AVG.      0.03               0.15   -0.12     0.36
DAYS >= .01        3               12.3    -9.3       20
DAYS >= .10        1                7.5    -6.5       17
DAYS >= .50        1                3.7    -2.7        7
DAYS >= 1.00       0                1.8    -1.8        4
GREATEST
 24 HR. TOTAL   0.81   08/28 TO 08/28               2.10
                       08/28 TO 08/29

SNOWFALL (INCHES)
TOTALS           0.0
SINCE 7/1        0.0
DAYS >= TRACE      0
DAYS >= 1.0        0
GREATEST
 24 HR TOTAL      MM

DEGREE DAYS
HEATING TOTAL      0                  0       0        0
 SINCE 7/1         0                  0       0       MM
COOLING TOTAL    740                521     219      503
 SINCE 1/1      2502               1923     579       MM
................................................................

WIND (MPH)
AVERAGE WIND SPEED              4.5
HIGHEST WIND SPEED/DIRECTION    32/150    DATE  08/28
HIGHEST GUST SPEED/DIRECTION    46/160    DATE  08/28

SKY COVER
POSSIBLE SUNSHINE (PERCENT)   MM
AVERAGE SKY COVER           0.08
NUMBER OF DAYS FAIR           29
NUMBER OF DAYS PC              2
NUMBER OF DAYS CLOUDY          0

AVERAGE RH (PERCENT)     60

WEATHER CONDITIONS. NUMBER OF DAYS WITH
THUNDERSTORM              4     MIXED PRECIP               0
HEAVY RAIN                1     RAIN                       1
LIGHT RAIN                5     FREEZING RAIN              0
LT FREEZING RAIN          0     HAIL                       0
HEAVY SNOW                0     SNOW                       0
LIGHT SNOW                0     SLEET                      0
FOG                       7     FOG W/VIS <= 1/4 MILE      0
HAZE                      7

-  INDICATES NEGATIVE NUMBERS.
R  INDICATES RECORD WAS SET OR TIED.
MM INDICATES DATA IS MISSING.
T  INDICATES TRACE AMOUNT.

$$
