000
CXUS53 KDLH 060441
CLMHIB

CLIMATE REPORT
NATIONAL WEATHER SERVICE DULUTH MN
1141 PM CDT WED OCT 05 2022

...................................

...THE HIBBING CLIMATE SUMMARY FOR THE MONTH OF SEPTEMBER 2022...

CLIMATE NORMAL PERIOD: 1991 TO 2020
CLIMATE RECORD PERIOD: 1931 TO 2022

WEATHER         OBSERVED          NORMAL  DEPART   LAST YEAR`S
                VALUE   DATE(S)   VALUE   FROM     VALUE DATE(S)
                                          NORMAL
................................................................
TEMPERATURE (F)
RECORD
 HIGH             94   09/07/1976
 LOW              21   09/15/2011
                       09/29/1984
                       09/28/1967
HIGHEST           83   09/01         MM      MM       86  09/19
LOWEST            24   09/28         MM      MM       29  09/22
AVG. MAXIMUM    67.0               65.7     1.3     71.2
AVG. MINIMUM    41.7               40.3     1.4     40.8
MEAN            54.3               53.0     1.3     56.0
DAYS MAX >= 90     0                0.0     0.0        0
DAYS MAX <= 32     0                0.0     0.0        0
DAYS MIN <= 32     5                5.7    -0.7        5
DAYS MIN <= 0      0                0.0     0.0        0

PRECIPITATION (INCHES)
RECORD
 MAXIMUM        8.67   1947
 MINIMUM        0.50   1952
TOTALS          2.56               3.06   -0.50     3.46
DAILY AVG.      0.09               0.10   -0.01     0.12
DAYS >= .01        9               12.0    -3.0       13
DAYS >= .10        6                6.0     0.0        6
DAYS >= .50        2                2.0     0.0        2
DAYS >= 1.00       1                0.6     0.4        1
GREATEST
 24 HR. TOTAL   1.11   09/16 TO 09/16


DEGREE DAYS
HEATING TOTAL    313                369     -56      273
 SINCE 7/1       465                609    -144       MM
COOLING TOTAL      3                  9      -6       11
 SINCE 1/1       108                120     -12       MM
................................................................

WIND (MPH)
AVERAGE WIND SPEED              5.3
HIGHEST WIND SPEED/DIRECTION    29/330    DATE  09/25
HIGHEST GUST SPEED/DIRECTION    39/290    DATE  09/25

SKY COVER
POSSIBLE SUNSHINE (PERCENT)   MM
AVERAGE SKY COVER           0.35
NUMBER OF DAYS FAIR           18
NUMBER OF DAYS PC              9
NUMBER OF DAYS CLOUDY          3

AVERAGE RH (PERCENT)     78

WEATHER CONDITIONS. NUMBER OF DAYS WITH
THUNDERSTORM              2     MIXED PRECIP               0
HEAVY RAIN                3     RAIN                       6
LIGHT RAIN               10     FREEZING RAIN              0
LT FREEZING RAIN          0     HAIL                       0
HEAVY SNOW                0     SNOW                       0
LIGHT SNOW                0     SLEET                      0
FOG                      22     FOG W/VIS <= 1/4 MILE      9
HAZE                      1

-  INDICATES NEGATIVE NUMBERS.
R  INDICATES RECORD WAS SET OR TIED.
MM INDICATES DATA IS MISSING.
T  INDICATES TRACE AMOUNT.

$$
