000
CXUS56 KPQR 011538
CLMHIO

CLIMATE REPORT
NATIONAL WEATHER SERVICE PORTLAND OREGON
838 AM PDT THU SEP 01 2022

...................................

...THE HILLSBORO OR CLIMATE SUMMARY FOR THE MONTH OF AUGUST 2022...

CLIMATE NORMAL PERIOD 1991 TO 2020
CLIMATE RECORD PERIOD 1929 TO 2022

WEATHER         OBSERVED          NORMAL  DEPART   LAST YEAR`S
                VALUE   DATE(S)   VALUE   FROM     VALUE DATE(S)
                                          NORMAL
................................................................
TEMPERATURE (F)
HIGHEST          101                                 103  08/11
                                                          08/12
LOWEST            48                                  40  08/23
AVG. MAXIMUM    87.0               82.4     4.6     84.1
AVG. MINIMUM    55.5               51.8     3.7     54.0
MEAN            71.2               67.1     4.1     69.0
DAYS MAX >= 90    10                6.1     3.9       10
DAYS MAX <= 32     0                0.0     0.0        0
DAYS MIN <= 32     0                0.0     0.0        0
DAYS MIN <= 0      0                0.0     0.0        0

PRECIPITATION (INCHES)
RECORD
 MAXIMUM        3.84   1968
 MINIMUM        0.00   1998
TOTALS             T               0.48   -0.48     0.02
DAYS >= .01        0                3.5    -3.5        2
DAYS >= .10        0                1.3    -1.3        0
DAYS >= .50        0                0.2    -0.2        0
DAYS >= 1.00       0                0.0     0.0        0
GREATEST
 24 HR. TOTAL      T   08/09 TO 08/09
                       08/18 TO 08/18
                       08/20 TO 08/20


DEGREE DAYS
HEATING TOTAL      1                 36     -35       36
 SINCE 7/1        19                 74     -55       MM
COOLING TOTAL    201                101     100      168
 SINCE 1/1       409                241     168       MM
................................................................

WIND (MPH)
AVERAGE WIND SPEED              3.9
RESULTANT WIND SPEED/DIRECTION   2/330
HIGHEST WIND SPEED/DIRECTION    18/310    DATE  08/23
HIGHEST GUST SPEED/DIRECTION    27/320    DATE  08/05

SKY COVER
POSSIBLE SUNSHINE (PERCENT)   MM
AVERAGE SKY COVER           0.17

AVERAGE RH (PERCENT)     63

WEATHER CONDITIONS. NUMBER OF DAYS WITH
THUNDERSTORM              0     MIXED PRECIP               0
HEAVY RAIN                0     RAIN                       0
LIGHT RAIN                2     FREEZING RAIN              0
LT FREEZING RAIN          0     HAIL                       0
HEAVY SNOW                0     SNOW                       0
LIGHT SNOW                0     SLEET                      0
FOG                       5     FOG W/VIS <= 1/4 MILE      1
HAZE                      3

-  INDICATES NEGATIVE NUMBERS.
R  INDICATES RECORD WAS SET OR TIED.
MM INDICATES DATA IS MISSING.
T  INDICATES TRACE AMOUNT.

$$
