000
CXUS56 KHNX 012108
CLMHJO

CLIMATE REPORT
NATIONAL WEATHER SERVICE
208 PM PDT SAT OCT 01 2022

...................................

...THE HANFORD CA AIRPORT CLIMATE SUMMARY FOR THE MONTH OF SEPTEMBER 2022...

CLIMATE NORMAL PERIOD 1991 TO 2020
CLIMATE RECORD PERIOD 1898 TO 2022

WEATHER         OBSERVED          NORMAL  DEPART   LAST YEAR`S
                VALUE   DATE(S)   VALUE   FROM     VALUE DATE(S)
                                          NORMAL
................................................................
TEMPERATURE (F)
RECORD
 HIGH            114   09/06/2022

 LOW              35   09/26/1948
HIGHEST          114R  09/06         MM              108  09/09
LOWEST            54   09/23         MM               47  09/30
MEAN            79.9               74.7     5.2
DAYS MAX >= 90    21               20.0     1.0       21
DAYS MIN <= 32     0                0.0     0.0        0

PRECIPITATION (INCHES)
RECORD
 MAXIMUM        2.48   1904
 MINIMUM        0.00   2020
TOTALS          0.02               0.04   -0.02
DAYS >= .01        1                0.5     0.5        0
DAYS >= .10        0                0.1    -0.1        0
DAYS >= .50        0                0.0     0.0        0
DAYS >= 1.00       0                0.0     0.0        0

SNOWFALL (INCHES)
RECORDS
 TOTAL            MM   MM
TOTALS           0.0                 MM

DEGREE DAYS
HEATING TOTAL      0                  4      -4        0
 SINCE 7/1         0                  1      -1       MM
COOLING TOTAL    456                297     159      355
 SINCE 1/1      2301               1798     503       MM
................................................................

WIND (MPH)
AVERAGE WIND SPEED              5.3
HIGHEST WIND SPEED/DIRECTION    18/310    DATE  09/13
                                18/330          09/17
HIGHEST GUST SPEED/DIRECTION    24/310    DATE  09/13
                                24/320          09/14

AVERAGE RH (PERCENT)     48

WEATHER CONDITIONS. NUMBER OF DAYS WITH
THUNDERSTORM              0     RAIN                       0
HAIL                      0     FOG                        3
FOG W/VIS <= 1/4 MILE     0     HAZE                      13

-  INDICATES NEGATIVE NUMBERS.
R  INDICATES RECORD WAS SET OR TIED.
MM INDICATES DATA IS MISSING.
T  INDICATES TRACE AMOUNT.

$$
