000
CXUS53 KGLD 010950
CLMHLC

CLIMATE REPORT
NATIONAL WEATHER SERVICE
350 AM MDT SAT OCT 01 2022

...................................

...THE HILL CITY KS CLIMATE SUMMARY FOR THE MONTH OF SEPTEMBER 2022...

CLIMATE NORMAL PERIOD: 1991 TO 2020
CLIMATE RECORD PERIOD: 1896 TO 2022

WEATHER         OBSERVED          NORMAL  DEPART   LAST YEAR`S
                VALUE   DATE(S)   VALUE   FROM     VALUE DATE(S)
                                          NORMAL
................................................................
TEMPERATURE (F)
RECORD
 HIGH            112   09/02/1939
 LOW              19   09/20/1910
HIGHEST          102   09/06         99       3      103  09/11
LOWEST            43   09/11         36       7       38  09/22
                       09/12
AVG. MAXIMUM    88.2               82.6     5.6     89.2
AVG. MINIMUM    54.8               54.0     0.8     56.7
MEAN            71.5               68.3     3.2     72.9
DAYS MAX >= 90    15                9.1     5.9       16
DAYS MAX <= 32     0                0.0     0.0        0
DAYS MIN <= 32     0                0.1    -0.1        0
DAYS MIN <= 0      0                0.0     0.0        0

PRECIPITATION (INCHES)
RECORD
 MAXIMUM        8.75   2016
 MINIMUM        0.05   1947
TOTALS          2.10               2.06    0.04     2.21
DAILY AVG.      0.07               0.07    0.00     0.07
DAYS >= .01        6                6.7    -0.7        6
DAYS >= .10        3                3.3    -0.3        3
DAYS >= .50        1                1.0     0.0        2
DAYS >= 1.00       1                0.6     0.4        0
GREATEST
 24 HR. TOTAL   1.28   09/15 TO 09/15               1.17
 STORM TOTAL    1.28
 (MM/DD(HH))


................................................................



-  INDICATES NEGATIVE NUMBERS.
R  INDICATES RECORD WAS SET OR TIED.
MM INDICATES DATA IS MISSING.
T  INDICATES TRACE AMOUNT.

$$
