000
CXUS51 KPBZ 011351
CLMHLG

CLIMATE REPORT
NATIONAL WEATHER SERVICE PITTSBURGH PA
951 AM EDT THU SEP 01 2022

...................................

...THE WHEELING WV CLIMATE SUMMARY FOR THE MONTH OF AUGUST 2022...

CLIMATE NORMAL PERIOD 1991 TO 2020
CLIMATE RECORD PERIOD 1878 TO 2022

WEATHER         OBSERVED          NORMAL  DEPART   LAST YEAR`S
                VALUE   DATE(S)   VALUE   FROM     VALUE DATE(S)
                                          NORMAL
................................................................
TEMPERATURE (F)
RECORD
 HIGH            106   08/06/1918
 LOW              34   08/28/1931
HIGHEST           88   08/04         91      -3       90  08/12
                       08/28
                       08/29
                                                          08/25
LOWEST            53   08/13         50       3       55  08/03
AVG. MAXIMUM    81.2               81.8    -0.6     83.6
AVG. MINIMUM    63.5               61.6     1.9     65.3
MEAN            72.4               71.7     0.7     74.5
DAYS MAX >= 90     0                2.5    -2.5        2
DAYS MAX <= 32     0                0.0     0.0        0
DAYS MIN <= 32     0                0.0     0.0        0
DAYS MIN <= 0      0                0.0     0.0        0

PRECIPITATION (INCHES)
RECORD
 MAXIMUM        8.78   1935
 MINIMUM        1.16   1951
TOTALS          4.98               3.74    1.24     8.16
DAILY AVG.      0.16               0.12    0.04     0.26
DAYS >= .01       14               13.0     1.0       16
DAYS >= .10       12                6.9     5.1       10
DAYS >= .50        3                2.7     0.3        6
DAYS >= 1.00       0                1.0    -1.0        6
GREATEST
 24 HR. TOTAL   1.02   08/20 TO 08/21               1.30


DEGREE DAYS
HEATING TOTAL      0                  7      -7        0
 SINCE 7/1         0                  5      -5       MM
COOLING TOTAL    239                215      24      301
 SINCE 1/1       785                682     103       MM
................................................................

WIND (MPH)
AVERAGE WIND SPEED              5.1
HIGHEST WIND SPEED/DIRECTION    30/340    DATE  08/17
HIGHEST GUST SPEED/DIRECTION    36/350    DATE  08/17

AVERAGE RH (PERCENT)     76

WEATHER CONDITIONS. NUMBER OF DAYS WITH
THUNDERSTORM             10     MIXED PRECIP               0
HEAVY RAIN                8     RAIN                       6
LIGHT RAIN               14     FREEZING RAIN              0
LT FREEZING RAIN          0     HAIL                       0
HEAVY SNOW                0     SNOW                       0
LIGHT SNOW                0     SLEET                      0
FOG                      21     FOG W/VIS <= 1/4 MILE      8
HAZE                      4

-  INDICATES NEGATIVE NUMBERS.
R  INDICATES RECORD WAS SET OR TIED.
MM INDICATES DATA IS MISSING.
T  INDICATES TRACE AMOUNT.

$$
