000
CXHW50 PHFO 021815
CLMHNL

CLIMATE REPORT
NATIONAL WEATHER SERVICE HONOLULU HI
815 AM HST FRI SEP 02 2022

...................................

...THE HONOLULU HI CLIMATE SUMMARY FOR THE MONTH OF AUGUST 2022...

CLIMATE NORMAL PERIOD 1991 TO 2020
CLIMATE RECORD PERIOD 1940 TO 2022

WEATHER         OBSERVED          NORMAL  DEPART   LAST YEAR`S
                VALUE   DATE(S)   VALUE   FROM     VALUE DATE(S)
                                          NORMAL
................................................................
TEMPERATURE (F)
RECORD
 HIGH             95   08/31/2019
 LOW              65   08/19/2009
HIGHEST           91   08/18         89       2       91  08/10
                                                          08/11
LOWEST            72   08/03         75      -3       70  08/18
                       08/05
                       08/31
AVG. MAXIMUM    88.3               88.8    -0.5     88.3
AVG. MINIMUM    74.8               75.6    -0.8     74.6
MEAN            81.5               82.2    -0.7     81.5
DAYS MAX >= 90     6                                   6
DAYS MAX >= 93     0                                   0
DAYS MAX <= 80     0                                   0
DAYS MIN >= 72    31                                  28
DAYS MIN <= 60     0                                   0
DAYS MIN <= 55     0                                   0

PRECIPITATION (INCHES)
RECORD
 MAXIMUM        3.74   2004
 MINIMUM           T   1974
TOTALS          0.07               0.84   -0.77     0.29
DAILY AVG.      0.00               0.03   -0.03     0.01
DAYS >= .01        4                5.7    -1.7        7
DAYS >= .10        0                1.2    -1.2        1
DAYS >= .50        0                0.4    -0.4        0
DAYS >= 1.00       0                0.2    -0.2        0
GREATEST
 24 HR. TOTAL   0.04   08/23 TO 08/23               0.13

SNOWFALL (INCHES)
RECORDS
 TOTAL            MM   0
TOTALS            MM                 MM      MM       MM
SINCE 7/1         MM                 MM      MM       MM
SNOWDEPTH AVG.    MM                                  MM
DAYS >= 1.0       MM                 MM      MM       MM
GREATEST
 SNOW DEPTH       MM                                  MM  MM
 24 HR TOTAL      MM                                  MM

DEGREE DAYS
HEATING TOTAL      0                  0       0        0
 SINCE 7/1         0                  0       0       MM
COOLING TOTAL    521                533     -12      520
 SINCE 1/1      3209               3077     132       MM
................................................................

WIND (MPH)
AVERAGE WIND SPEED              10.8
HIGHEST WIND SPEED/DIRECTION    28/080    DATE  08/27
HIGHEST GUST SPEED/DIRECTION    38/080    DATE  08/27

SKY COVER
POSSIBLE SUNSHINE (PERCENT)   MM
AVERAGE SKY COVER           0.37
NUMBER OF DAYS FAIR           15
NUMBER OF DAYS PC             16
NUMBER OF DAYS CLOUDY          0

AVERAGE RH (PERCENT)     65

WEATHER CONDITIONS. NUMBER OF DAYS WITH
THUNDERSTORM              0     MIXED PRECIP               0
HEAVY RAIN                0     RAIN                       1
LIGHT RAIN                7     FREEZING RAIN              0
LT FREEZING RAIN          0     HAIL                       0
HEAVY SNOW                0     SNOW                       0
LIGHT SNOW                0     SLEET                      0
FOG                       2     FOG W/VIS <= 1/4 MILE      0
HAZE                      1

-  INDICATES NEGATIVE NUMBERS.
R  INDICATES RECORD WAS SET OR TIED.
MM INDICATES DATA IS MISSING.
T  INDICATES TRACE AMOUNT.

$$
