000
CXUS53 KFSD 012240
CLMHON

CLIMATE REPORT
NATIONAL WEATHER SERVICE SIOUX FALLS SD
536 PM CDT THU SEP 01 2022


...THE HURON CLIMATE SUMMARY FOR THE MONTH OF AUGUST 2022...

CLIMATE NORMAL PERIOD: 1991 TO 2020
CLIMATE RECORD PERIOD: 1881 TO 2022

WEATHER         OBSERVED          NORMAL  DEPART   LAST YEAR`S
                VALUE   DATE(S)   VALUE   FROM     VALUE DATE(S)
                                          NORMAL
TEMPERATURE (F)
RECORD
 HIGH            110   08/13/1965
                       08/04/1934
 LOW              33   08/31/1886
HIGHEST          100   08/02         MM      MM       97  08/17
LOWEST            48   08/30         MM      MM       46  08/13
AVG. MAXIMUM    85.5               83.4     2.1     87.7
AVG. MINIMUM    60.6               59.2     1.4     60.6
MEAN            73.1               71.3     1.8     74.1
DAYS MAX >= 90     7                5.9     1.1       13
DAYS MAX <= 32     0                0.0     0.0        0
DAYS MIN <= 32     0                0.0     0.0        0
DAYS MIN <= 0      0                0.0     0.0        0

PRECIPITATION (INCHES)
RECORD
 MAXIMUM        6.77   2019
 MINIMUM        0.14   1976
TOTALS          1.07               2.59   -1.52     2.11
DAILY AVG.      0.03               0.08   -0.05     0.07
DAYS >= .01        5                8.0    -3.0        6
DAYS >= .10        2                4.5    -2.5        2
DAYS >= .50        1                1.8    -0.8        1
DAYS >= 1.00       0                0.6    -0.6        1
GREATEST
 24 HR. TOTAL   0.76   08/07 TO 08/07

DEGREE DAYS
HEATING TOTAL      2                 18     -16        0
 SINCE 7/1         2                 23     -21       MM
COOLING TOTAL    260                214      46      291
 SINCE 1/1       818                670     148       MM

WIND (MPH)
AVERAGE WIND SPEED              9.1
HIGHEST WIND SPEED/DIRECTION    43/230    DATE  08/02
HIGHEST GUST SPEED/DIRECTION    62/240    DATE  08/02

SKY COVER
POSSIBLE SUNSHINE (PERCENT)   MM
AVERAGE SKY COVER           0.13
NUMBER OF DAYS FAIR           27
NUMBER OF DAYS PC              4
NUMBER OF DAYS CLOUDY          0

AVERAGE RH (PERCENT)     68

WEATHER CONDITIONS. NUMBER OF DAYS WITH
THUNDERSTORM              4     MIXED PRECIP               0
HEAVY RAIN                1     RAIN                       1
LIGHT RAIN                9     FREEZING RAIN              0
LT FREEZING RAIN          0     HAIL                       0
HEAVY SNOW                0     SNOW                       0
LIGHT SNOW                0     SLEET                      0
FOG                      11     FOG W/VIS <= 1/4 MILE      3
HAZE                      0

-  INDICATES NEGATIVE NUMBERS.
R  INDICATES RECORD WAS SET OR TIED.
MM INDICATES DATA IS MISSING.
T  INDICATES TRACE AMOUNT.

$$
