000
CXUS54 KHGX 011336
CLMHOU

CLIMATE REPORT
NATIONAL WEATHER SERVICE HOUSTON/GALVESTON TX
836 AM CDT THU SEP 01 2022

...................................

...THE HOUSTON/HOBBY AIRPORT CLIMATE SUMMARY FOR THE MONTH OF AUGUST 2022...

CLIMATE NORMAL PERIOD: 1991 TO 2020
CLIMATE RECORD PERIOD: 1930 TO 2022

WEATHER         OBSERVED          NORMAL  DEPART   LAST YEAR`S
                VALUE   DATE(S)   VALUE   FROM     VALUE DATE(S)
                                          NORMAL
................................................................
TEMPERATURE (F)
RECORD
 HIGH            106   08/27/2011
                       08/13/1962
 LOW              60   08/21/1940
HIGHEST          100   08/03         MM      MM       98  08/24
                       08/04
                       08/17
                                                          08/30
                                                          08/31
LOWEST            73   08/18         MM      MM       73  08/15
AVG. MAXIMUM    93.7               93.5     0.2     94.8
AVG. MINIMUM    77.5               76.7     0.8     79.2
MEAN            85.6               85.1     0.5     87.0
DAYS MAX >= 90    27               26.3     0.7       29
DAYS MAX <= 32     0                0.0     0.0        0
DAYS MIN <= 32     0                0.0     0.0        0
DAYS MIN <= 0      0                0.0     0.0        0

PRECIPITATION (INCHES)
RECORD
 MAXIMUM       38.87   2017
TOTALS          4.52               5.44   -0.92
DAILY AVG.      0.15               0.18   -0.03     0.12
DAYS >= .01       18                9.6     8.4       12
DAYS >= .10        9                6.1     2.9        6
DAYS >= .50        3                2.7     0.3        3
DAYS >= 1.00       1                1.5    -0.5        1
GREATEST
 24 HR. TOTAL   1.30   08/19 TO 08/20               1.88  08/15 TO 08/15

SNOWFALL (INCHES)
RECORDS
 TOTAL            MM   MM
TOTALS           0.0
SINCE 7/1        0.0
 LIQUID 7/1     0.00
DAYS >= TRACE      0
GREATEST
 24 HR TOTAL      MM

DEGREE DAYS
HEATING TOTAL      0                  0       0        0
 SINCE 7/1         0                  0       0       MM
COOLING TOTAL    646                623      23      689
 SINCE 1/1      2936               2495     441       MM
................................................................

WIND (MPH)
AVERAGE WIND SPEED              7.3
HIGHEST WIND SPEED/DIRECTION    32/050    DATE  08/10
HIGHEST GUST SPEED/DIRECTION    45/030    DATE  08/10

SKY COVER
AVERAGE SKY COVER           0.64

AVERAGE RH (PERCENT)     70

WEATHER CONDITIONS. NUMBER OF DAYS WITH
THUNDERSTORM             15     MIXED PRECIP               0
HEAVY RAIN                6     RAIN                       8
LIGHT RAIN               18     FREEZING RAIN              0
LT FREEZING RAIN          0     HAIL                       0
HEAVY SNOW                0     SNOW                       0
LIGHT SNOW                0     SLEET                      0
FOG                      10     FOG W/VIS <= 1/4 MILE      0
HAZE                      1

-  INDICATES NEGATIVE NUMBERS.
R  INDICATES RECORD WAS SET OR TIED.
MM INDICATES DATA IS MISSING.
T  INDICATES TRACE AMOUNT.

$$
