000
CXUS56 KSEW 011033
CLMHQM

CLIMATE REPORT
NATIONAL WEATHER SERVICE SEATTLE
333 AM PDT SAT OCT 01 2022

...................................

...THE HOQUIAM WA AIRPORT CLIMATE SUMMARY FOR THE MONTH OF SEPTEMBER 2022...

CLIMATE NORMAL PERIOD 1991 TO 2020
CLIMATE RECORD PERIOD 1953 TO 2022

WEATHER         OBSERVED          NORMAL  DEPART   LAST YEAR`S
                VALUE   DATE(S)   VALUE   FROM     VALUE DATE(S)
                                          NORMAL
................................................................
TEMPERATURE (F)
RECORD
 HIGH             96   09/02/1988
 LOW              32   09/27/1972
HIGHEST           91   09/10         MM      MM       83  09/24
LOWEST            47   09/21         MM      MM       43  09/16
AVG. MAXIMUM    71.3               67.0     4.3     67.5
AVG. MINIMUM    55.0               51.2     3.8     53.0
MEAN            63.2               59.1     4.1     60.3
DAYS MAX >= 90     1                0.1     0.9        0
DAYS MAX <= 32     0                0.0     0.0        0
DAYS MIN <= 32     0                0.0     0.0        0
DAYS MIN <= 0      0                0.0     0.0        0

PRECIPITATION (INCHES)
RECORD
 MAXIMUM       10.76   1978
 MINIMUM        0.01   1990
TOTALS          0.75               2.53   -1.78     5.68
DAILY AVG.      0.03               0.08   -0.05     0.19
DAYS >= .01        4               10.0    -6.0       13
DAYS >= .10        2                5.6    -3.6        6
DAYS >= .50        0                1.7    -1.7        5
DAYS >= 1.00       0                0.4    -0.4        2
GREATEST
 24 HR. TOTAL   0.48   09/28 TO 09/28

DEGREE DAYS
HEATING TOTAL     69                184    -115      140
 SINCE 7/1       164                468    -304       MM
COOLING TOTAL     22                  8      14        5
 SINCE 1/1       101                 25      76       MM
................................................................

WIND (MPH)
AVERAGE WIND SPEED              6.3
HIGHEST WIND SPEED/DIRECTION    26/070    DATE  09/10
HIGHEST GUST SPEED/DIRECTION    35/080    DATE  09/10

SKY COVER
POSSIBLE SUNSHINE (PERCENT)   MM
AVERAGE SKY COVER           0.49
NUMBER OF DAYS FAIR           12
NUMBER OF DAYS PC              7
NUMBER OF DAYS CLOUDY         11

AVERAGE RH (PERCENT)     74

WEATHER CONDITIONS. NUMBER OF DAYS WITH
THUNDERSTORM              0     MIXED PRECIP               0
HEAVY RAIN                0     RAIN                       2
LIGHT RAIN                4     FREEZING RAIN              0
LT FREEZING RAIN          0     HAIL                       0
HEAVY SNOW                0     SNOW                       0
LIGHT SNOW                0     SLEET                      0
FOG                      15     FOG W/VIS <= 1/4 MILE      3
HAZE                      8

-  INDICATES NEGATIVE NUMBERS.
R  INDICATES RECORD WAS SET OR TIED.
MM INDICATES DATA IS MISSING.
T  INDICATES TRACE AMOUNT.

$$
