000
CXUS56 KPDT 012158
CLMHRI

CLIMATE REPORT
NATIONAL WEATHER SERVICE PENDLETON, OR
258 PM PDT THU SEP 01 2022

...................................

...THE HERMISTON OR CLIMATE SUMMARY FOR THE MONTH OF AUGUST 2022...

CLIMATE NORMAL PERIOD 1991 TO 2020
CLIMATE RECORD PERIOD 1906 TO 2022

WEATHER         OBSERVED          NORMAL  DEPART   LAST YEAR`S
                VALUE   DATE(S)   VALUE   FROM     VALUE DATE(S)
                                          NORMAL
................................................................
TEMPERATURE (F)
RECORD
 HIGH            113   08/05/1961
 LOW              35   08/25/1910
HIGHEST          105   08/18                         106  08/03
                       08/17
LOWEST            49   08/06                          43  08/24
                       08/28
                       08/29
AVG. MAXIMUM    96.2               91.0     5.2     90.5
AVG. MINIMUM    60.5               56.8     3.7     59.4
MEAN            78.4               73.9     4.5     75.0
DAYS MAX >= 90    27               18.0     9.0       15
DAYS MAX <= 32     0                0.0     0.0        0
DAYS MIN <= 32     0                0.0     0.0        0
DAYS MIN <= 0      0                0.0     0.0        0

PRECIPITATION (INCHES)
RECORD
 MAXIMUM        1.83   1979
 MINIMUM        0.00   1994
TOTALS          0.04               0.17   -0.13        T
DAILY AVG.      0.00               0.01   -0.01        T
DAYS >= .01        2                1.9     0.1        0
DAYS >= .10        0                0.5    -0.5        0
DAYS >= .50        0                0.0     0.0        0
DAYS >= 1.00       0                0.0     0.0        0
GREATEST
 24 HR. TOTAL   0.02   08/22 TO 08/22                  T  08/20 TO 08/20
                       08/09 TO 08/09
                       08/22 TO 08/22


DEGREE DAYS
HEATING TOTAL      0                  6      -6        3
 SINCE 7/1         0                  6      -6       MM
COOLING TOTAL    422                281     141      322
 SINCE 1/1       944                771     173       MM
................................................................

WIND (MPH)
AVERAGE WIND SPEED              6.9
RESULTANT WIND SPEED/DIRECTION   3/230
HIGHEST WIND SPEED/DIRECTION    31/250    DATE  08/27
HIGHEST GUST SPEED/DIRECTION    43/260    DATE  08/02

AVERAGE RH (PERCENT)     44

WEATHER CONDITIONS. NUMBER OF DAYS WITH
THUNDERSTORM              1     MIXED PRECIP               0
HEAVY RAIN                0     RAIN                       0
LIGHT RAIN                2     FREEZING RAIN              0
LT FREEZING RAIN          0     HAIL                       0
HEAVY SNOW                0     SNOW                       0
LIGHT SNOW                0     SLEET                      0
FOG                       0     FOG W/VIS <= 1/4 MILE      0
HAZE                      7

-  INDICATES NEGATIVE NUMBERS.
R  INDICATES RECORD WAS SET OR TIED.
MM INDICATES DATA IS MISSING.
T  INDICATES TRACE AMOUNT.

$$
