000
CXUS54 KBRO 010706
CLMHRL

CLIMATE REPORT
NATIONAL WEATHER SERVICE BROWNSVILLE, TX
206 AM CDT SAT OCT 01 2022

...................................

...THE HARLINGEN CLIMATE SUMMARY FOR THE MONTH OF SEPTEMBER 2022...

CLIMATE NORMAL PERIOD 1991 TO 2020
CLIMATE RECORD PERIOD 1912 TO 2022

WEATHER         OBSERVED          NORMAL  DEPART   LAST YEAR`S
                VALUE   DATE(S)   VALUE   FROM     VALUE DATE(S)
                                          NORMAL
................................................................
TEMPERATURE (F)
HIGHEST           96   09/19         97      -1       99  09/05
                                                          09/06
                                                          09/18
LOWEST            61   09/30         63      -2       60  09/24
AVG. MAXIMUM    92.3               92.2     0.1     94.9
AVG. MINIMUM    71.4               72.5    -1.1     71.9
MEAN            81.8               82.3    -0.5     83.4
DAYS MAX >= 90    26               22.1     3.9       26
DAYS MAX <= 32     0                0.0     0.0        0
DAYS MIN <= 32     0                0.0     0.0        0
DAYS MIN <= 0      0                0.0     0.0        0

PRECIPITATION (INCHES)
TOTALS          2.53               5.31   -2.78     1.19
DAILY AVG.      0.09               0.18   -0.09     0.04
DAYS >= .01       10               11.1    -1.1        4
DAYS >= .10        8                7.1     0.9
DAYS >= .50        2                3.2    -1.2
DAYS >= 1.00       0                1.5    -1.5
GREATEST
 24 HR. TOTAL   0.51   09/04 TO 09/04
 STORM TOTAL    0.51
 (MM/DD(HH))

SNOWFALL (INCHES)
TOTALS           0.0                 MM      MM      0.0
SINCE 7/1        0.0                 MM      MM       MM

DEGREE DAYS
HEATING TOTAL      0                  0       0        0
 SINCE 7/1         0                  0       0       MM
COOLING TOTAL    510                520     -10      557
 SINCE 1/1      3686               3610      76       MM
................................................................

WIND (MPH)
AVERAGE WIND SPEED              6.7
HIGHEST WIND SPEED/DIRECTION    31/030    DATE  09/27
HIGHEST GUST SPEED/DIRECTION    41/010    DATE  09/27

SKY COVER
POSSIBLE SUNSHINE (PERCENT)   MM
AVERAGE SKY COVER           0.16
NUMBER OF DAYS FAIR           29
NUMBER OF DAYS PC              1
NUMBER OF DAYS CLOUDY          0

AVERAGE RH (PERCENT)     74

WEATHER CONDITIONS. NUMBER OF DAYS WITH
THUNDERSTORM              9     MIXED PRECIP               0
HEAVY RAIN                5     RAIN                       5
LIGHT RAIN               14     FREEZING RAIN              0
LT FREEZING RAIN          0     HAIL                       0
HEAVY SNOW                0     SNOW                       0
LIGHT SNOW                0     SLEET                      0
FOG                      16     FOG W/VIS <= 1/4 MILE      0
HAZE                      2

-  INDICATES NEGATIVE NUMBERS.
R  INDICATES RECORD WAS SET OR TIED.
MM INDICATES DATA IS MISSING.
T  INDICATES TRACE AMOUNT.

$$
