000
CXUS54 KLZK 020310
CLMHRO

CLIMATE REPORT
NATIONAL WEATHER SERVICE LITTLE ROCK AR
1010 PM CDT SAT OCT 01 2022

...................................

...THE HARRISON CLIMATE SUMMARY FOR THE MONTH OF SEPTEMBER 2022...

CLIMATE NORMAL PERIOD 1991 TO 2020
CLIMATE RECORD PERIOD 1891 TO 2022

WEATHER         OBSERVED          NORMAL  DEPART   LAST YEAR`S
                VALUE   DATE(S)   VALUE   FROM     VALUE DATE(S)
                                          NORMAL
................................................................
TEMPERATURE (F)
RECORD
 HIGH            106   09/03/1939
                       09/05/1913
                       09/04/1913
 LOW              30   09/29/1967
                       09/29/1908
HIGHEST           95   09/21         80      15       94  09/04
LOWEST            42   09/30         59     -17       45  09/23
AVG. MAXIMUM    82.9               81.4     1.5     85.1
AVG. MINIMUM    58.7               58.5     0.2     60.4
MEAN            70.8               69.9     0.9     72.8
DAYS MAX >= 90     4                4.4    -0.4        4
DAYS MAX <= 32     0                0.0     0.0        0
DAYS MIN <= 32     0                0.0     0.0        0
DAYS MIN <= 0      0                0.0     0.0        0

PRECIPITATION (INCHES)
RECORD
 MAXIMUM       11.80   1930
 MINIMUM        0.08   1928
TOTALS          1.16               4.06   -2.90     2.30
DAILY AVG.      0.04               0.14   -0.10     0.08
DAYS >= .01        2                8.0    -6.0        5
DAYS >= .10        1                                   2
DAYS >= .50        1                                   2
DAYS >= 1.00       1                1.3    -0.3        2
GREATEST
 24 HR. TOTAL   1.15   09/02 TO 09/02
 STORM TOTAL    1.15
 (MM/DD(HH))

SNOWFALL (INCHES)
RECORDS
 TOTAL            MM   MM
 24 HR TOTAL      MM
 SNOW DEPTH       MM   MM
TOTALS           0.0                0.0     0.0      0.0
 LIQUID EQUIV   0.00               0.00    0.00     0.00
SINCE 7/1        0.0                0.0     0.0       MM
 LIQUID 7/1     0.00               0.00    0.00       MM
SNOWDEPTH AVG.     0
DAYS >= TRACE      0                 MM      MM        0
DAYS >= 1.0        0                                   0
GREATEST
 SNOW DEPTH        0
 24 HR TOTAL     0.0    MM                           0.0

DEGREE DAYS
HEATING TOTAL     16                 34     -18       10
 SINCE 7/1        16                 33     -17       MM
COOLING TOTAL    198                182      16      248
 SINCE 1/1      1677               1429     248       MM

FREEZE DATES
RECORD
 EARLIEST     09/13/1902
 LATEST       05/17/1912
EARLIEST                        MM
LATEST                          04/14
................................................................

WIND (MPH)
AVERAGE WIND SPEED              4.8
HIGHEST WIND SPEED/DIRECTION    17/160    DATE  09/23
HIGHEST GUST SPEED/DIRECTION    26/310    DATE  09/11

SKY COVER
POSSIBLE SUNSHINE (PERCENT)   MM
AVERAGE SKY COVER           0.17
NUMBER OF DAYS FAIR           24
NUMBER OF DAYS PC              3
NUMBER OF DAYS CLOUDY          2


WEATHER CONDITIONS. NUMBER OF DAYS WITH
THUNDERSTORM              2     MIXED PRECIP               0
HEAVY RAIN                1     RAIN                       1
LIGHT RAIN                2     FREEZING RAIN              0
LT FREEZING RAIN          0     HAIL                       0
HEAVY SNOW                0     SLEET                      0
FOG                      12     FOG W/VIS <= 1/4 MILE      4
HAZE                      0

-  INDICATES NEGATIVE NUMBERS.
R  INDICATES RECORD WAS SET OR TIED.
MM INDICATES DATA IS MISSING.
T  INDICATES TRACE AMOUNT.

$$
