000
CXUS52 KMHX 011320
CLMHSE

CLIMATE REPORT
NATIONAL WEATHER SERVICE NEWPORT/MOREHEAD CITY
920 AM EDT SAT OCT 01 2022

...................................

...THE CAPE HATTERAS NC CLIMATE SUMMARY FOR THE MONTH OF SEPTEMBER 2022...

CLIMATE NORMAL PERIOD 1991 TO 2020
CLIMATE RECORD PERIOD 1874 TO 2022

WEATHER         OBSERVED          NORMAL  DEPART   LAST YEAR`S
                VALUE   DATE(S)   VALUE   FROM     VALUE DATE(S)
                                          NORMAL
................................................................
TEMPERATURE (F)
RECORD
 HIGH             93   09/10/2018
 LOW              33   09/26/2005
HIGHEST           89   09/03                          89
LOWEST            60   09/24                          55
AVG. MAXIMUM    82.2               83.0    -0.8     83.0
AVG. MINIMUM    70.1               70.8    -0.7     69.9
MEAN            76.2               76.9    -0.7     76.5
DAYS MAX >= 90     0                0.4    -0.4        0
DAYS MAX <= 32     0                0.0     0.0        0
DAYS MIN <= 32     0                0.0     0.0        0
DAYS MIN <= 0      0                0.0     0.0        0

PRECIPITATION (INCHES)
RECORD
 MAXIMUM       20.00   1989
 MINIMUM          MM   MM
TOTALS          7.76               7.63    0.13     3.38
DAYS >= .01        7               11.2    -4.2       11
DAYS >= .10        5                7.8    -2.8        5
DAYS >= .50        3                3.8    -0.8        1
DAYS >= 1.00       1                2.3    -1.3        0

DEGREE DAYS
COOLING TOTAL    333                358     -25      352
 SINCE 1/1      2038               1951      87       MM
................................................................

WIND (MPH)
AVERAGE WIND SPEED              7.8
HIGHEST WIND SPEED/DIRECTION    30/150    DATE  09/30
HIGHEST GUST SPEED/DIRECTION    46/120    DATE  09/30

SKY COVER
POSSIBLE SUNSHINE (PERCENT)   MM
AVERAGE SKY COVER           0.27
NUMBER OF DAYS FAIR           22
NUMBER OF DAYS PC              6
NUMBER OF DAYS CLOUDY          2

AVERAGE RH (PERCENT)     76

WEATHER CONDITIONS. NUMBER OF DAYS WITH
THUNDERSTORM              4     MIXED PRECIP               0
HEAVY RAIN                5     RAIN                       5
LIGHT RAIN               10     FREEZING RAIN              0
LT FREEZING RAIN          0     HAIL                       0
HEAVY SNOW                0     SNOW                       0
LIGHT SNOW                0     SLEET                      0
FOG                      11     FOG W/VIS <= 1/4 MILE      0
HAZE                      5

-  INDICATES NEGATIVE NUMBERS.
R  INDICATES RECORD WAS SET OR TIED.
MM INDICATES DATA IS MISSING.
T  INDICATES TRACE AMOUNT.

$$
