000
CXUS54 KHUN 031012
CLMHSV

CLIMATE REPORT
NATIONAL WEATHER SERVICE HUNTSVILLE AL
512 AM CDT SAT SEP 03 2022

...................................

...THE HUNTSVILLE CLIMATE SUMMARY FOR THE MONTH OF AUGUST 2022...

CLIMATE NORMAL PERIOD 1991 TO 2020
CLIMATE RECORD PERIOD 1894 TO 2022

WEATHER         OBSERVED          NORMAL  DEPART   LAST YEAR`S
                VALUE   DATE(S)   VALUE   FROM     VALUE
                                          NORMAL
..............................................................
TEMPERATURE (F)
RECORD
 HIGH            108   08/08/1930
                       08/07/1930
 LOW              50   08/10/1954
                       08/26/1917
HIGHEST           95   08/05         MM      MM       96
                       08/06
                       08/27
LOWEST            64   08/13         MM      MM       62
AVG. MAXIMUM    89.2               91.3    -2.1     87.8
AVG. MINIMUM    70.5               69.7     0.8     70.4
MEAN            79.8               80.5    -0.7     79.1
DAYS MAX >= 90    17               17.1    -0.1       12
DAYS MAX <= 32     0                0.0     0.0        0
DAYS MIN <= 32     0                0.0     0.0        0
DAYS MIN <= 0      0                0.0     0.0        0

PRECIPITATION (INCHES)
RECORD
 MAXIMUM       12.61   1901
 MINIMUM        0.08
TOTALS          2.76               3.55   -0.79     6.41
DAILY AVG.      0.09               0.11   -0.02     0.21
DAYS >= .01        7                9.2    -2.2       15
DAYS >= .10        5                5.8    -0.8        9
DAYS >= .50        2                2.3    -0.3        5
DAYS >= 1.00       1                1.0     0.0        3
GREATEST
 24 HR. TOTAL   1.17   08/06 TO 08/06               2.44

SNOWFALL (INCHES)
RECORDS
 TOTAL             T   1990
 24 HR TOTAL     0.0   MM
TOTALS            MM                0.0      MM      0.0
SINCE 7/1         MM                0.0      MM       MM
DAYS >= TRACE     MM                0.0      MM       MM
DAYS >= 1.0       MM                0.0      MM       MM
GREATEST
 SNOW DEPTH       MM                                  MM
 24 HR TOTAL      MM

DEGREE DAYS
HEATING TOTAL      0                  0       0        0
 SINCE 7/1         0                  0       0       MM
COOLING TOTAL    464                480     -16      445
 SINCE 1/1      1861               1700     161       MM

FREEZE DATES
RECORD
 EARLIEST     10/09/2000
 LATEST       05/02/1909
EARLIEST                        MM
LATEST                          03/13
..............................................................

WIND (MPH)
AVERAGE WIND SPEED              4.6
HIGHEST WIND SPEED/DIRECTION    28/250    DATE  08/07
HIGHEST GUST SPEED/DIRECTION    49/220    DATE  08/06

SKY COVER
POSSIBLE SUNSHINE (PERCENT)   MM


WEATHER CONDITIONS. NUMBER OF DAYS WITH
THUNDERSTORM              9     MIXED PRECIP               0
HEAVY RAIN                3     RAIN                       5
LIGHT RAIN               12     FREEZING RAIN              0
LT FREEZING RAIN          0     HAIL                       0
HEAVY SNOW                0     SNOW                       0
LIGHT SNOW                0     SLEET                      0
FOG                      13     FOG W/VIS <= 1/4 MILE      2

-  INDICATES NEGATIVE NUMBERS.
R  INDICATES RECORD WAS SET OR TIED.
MM INDICATES DATA IS MISSING.
T  INDICATES TRACE AMOUNT.

$$
