000
CXUS53 KAPX 010536
CLMHTL

CLIMATE REPORT
NATIONAL WEATHER SERVICE
136 AM EDT SAT OCT 01 2022

...................................

...THE HOUGHTON LAKE MI CLIMATE SUMMARY FOR THE MONTH OF SEPTEMBER 2022...

CLIMATE NORMAL PERIOD: 1991 TO 2020
CLIMATE RECORD PERIOD: 1913 TO 2022

WEATHER         OBSERVED          NORMAL  DEPART   LAST YEAR`S
                VALUE   DATE(S)   VALUE   FROM     VALUE
                                          NORMAL
..............................................................
TEMPERATURE (F)
HIGHEST           83   09/02         MM      MM
                       09/10
LOWEST            28   09/29         MM      MM
AVG. MAXIMUM    70.4               70.6    -0.2
AVG. MINIMUM    48.9               46.1     2.8
MEAN            59.6               58.3     1.3
DAYS MAX >= 90     0                0.0     0.0
DAYS MAX <= 32     0                0.0     0.0
DAYS MIN <= 32     3                1.9     1.1
DAYS MIN <= 0      0                0.0     0.0

PRECIPITATION (INCHES)
TOTALS          2.76               2.59    0.17
DAYS >= .01        9               10.9    -1.9
DAYS >= .10        5                6.2    -1.2
DAYS >= .50        3                1.6     1.4
DAYS >= 1.00       0                0.5    -0.5
GREATEST
 24 HR. TOTAL   1.44   09/11 TO 09/12

SNOWFALL (INCHES)
RECORDS
 24 HR TOTAL      MM
TOTALS           0.0                0.0     0.0
DAYS >= TRACE      0                0.0     0.0
DAYS >= 1.0        0                0.0     0.0
GREATEST
 SNOW DEPTH        0
 24 HR TOTAL     0.0

DEGREE DAYS
HEATING TOTAL    195                227     -32
 SINCE 7/1       227                335    -108
COOLING TOTAL     42                 28      14
 SINCE 1/1       373                335      38
..............................................................

WIND (MPH)
AVERAGE WIND SPEED              6.4
HIGHEST WIND SPEED/DIRECTION    22/330    DATE  09/21
HIGHEST GUST SPEED/DIRECTION    MM        DATE   MM

SKY COVER
AVERAGE SKY COVER           0.46

AVERAGE RH (PERCENT)     74


-  INDICATES NEGATIVE NUMBERS.
R  INDICATES RECORD WAS SET OR TIED.
MM INDICATES DATA IS MISSING.
T  INDICATES TRACE AMOUNT.

$$
