000
CXUS51 KRLX 020455
CLMHTS

CLIMATE REPORT
NATIONAL WEATHER SERVICE CHARLESTON WV
1255 AM EDT FRI SEP 02 2022

...................................

...THE HUNTINGTON WV CLIMATE SUMMARY FOR THE MONTH OF AUGUST 2022...

CLIMATE NORMAL PERIOD: 1991 TO 2020
CLIMATE RECORD PERIOD: 1897 TO 2022

WEATHER         OBSERVED          NORMAL  DEPART   LAST YEAR`S
                VALUE   DATE(S)   VALUE   FROM     VALUE
                                          NORMAL
..............................................................
TEMPERATURE (F)
RECORD
 HIGH            107   08/04/1930
 LOW              43   08/29/1986
                       08/30/1946
HIGHEST           91   08/09                          93
                       08/28
                       08/29
LOWEST            57   08/13                          60
AVG. MAXIMUM    84.8               85.5    -0.7     86.3
AVG. MINIMUM    65.9               64.8     1.1     67.8
MEAN            75.4               75.2     0.2     77.1
DAYS MAX >= 90     4                7.1    -3.1       11
DAYS MAX <= 32     0                0.0     0.0        0
DAYS MAX >= 80    29                                  27
DAYS MAX >= 100    0                                   0
DAYS MIN <= 32     0                0.0     0.0        0
DAYS MIN <= 0      0                0.0     0.0        0
DAYS MIN <= 10     0                                   0

PRECIPITATION (INCHES)
RECORD
 MAXIMUM        8.32   1905
 MINIMUM        0.68   1962
TOTALS          3.80               3.95   -0.15     6.66
DAILY AVG.      0.12               0.13   -0.01     0.21
DAYS >= .01       10                9.9     0.1       13
DAYS >= .10        7                6.4     0.6        9
DAYS >= .50        3                2.7     0.3        6
DAYS >= 1.00       1                1.1    -0.1        2
GREATEST
 24 HR. TOTAL   1.91   08/10 TO 08/11               1.84

DEGREE DAYS
HEATING TOTAL      0                  1      -1        0
 SINCE 7/1         0                  0       0       MM
COOLING TOTAL    327                316      11      382
 SINCE 1/1      1125               1054      71       MM

FREEZE DATES
RECORD
 EARLIEST     MM
 LATEST       MM
EARLIEST                        MM
LATEST                          04/20
..............................................................

WIND (MPH)
AVERAGE WIND SPEED              3.8
HIGHEST WIND SPEED/DIRECTION    20/260    DATE  08/04
HIGHEST GUST SPEED/DIRECTION    28/250    DATE  08/04

SKY COVER
POSSIBLE SUNSHINE (PERCENT)   MM
AVERAGE SKY COVER           0.37
NUMBER OF DAYS FAIR           15
NUMBER OF DAYS PC             15
NUMBER OF DAYS CLOUDY          1

AVERAGE RH (PERCENT)     74

WEATHER CONDITIONS. NUMBER OF DAYS WITH
THUNDERSTORM             10     MIXED PRECIP               0
HEAVY RAIN                8     RAIN                       5
LIGHT RAIN               13     FREEZING RAIN              0
LT FREEZING RAIN          0     HAIL                       0
HEAVY SNOW                0     SNOW                       0
LIGHT SNOW                0     SLEET                      0
FOG                      25     FOG W/VIS <= 1/4 MILE     12
HAZE                      4

-  INDICATES NEGATIVE NUMBERS.
R  INDICATES RECORD WAS SET OR TIED.
MM INDICATES DATA IS MISSING.
T  INDICATES TRACE AMOUNT.

$$
