000
CXUS53 KIND 011517
CLMHUF

CLIMATE REPORT
NATIONAL WEATHER SERVICE INDIANAPOLIS IN
1117 AM EDT SAT OCT 01 2022

...................................

...THE TERRE HAUTE IN CLIMATE SUMMARY FOR THE MONTH OF SEPTEMBER 2022...

CLIMATE NORMAL PERIOD 1991 TO 2020
CLIMATE RECORD PERIOD 9999 TO 9999

WEATHER         OBSERVED          NORMAL  DEPART   LAST YEAR`S
                VALUE   DATE(S)   VALUE   FROM     VALUE DATE(S)
                                          NORMAL
................................................................
TEMPERATURE (F)
HIGHEST           95   09/21                          91  09/14
                                                          09/18
LOWEST            34R  09/28                          42  09/24
                       09/29
AVG. MAXIMUM    79.2               79.0     0.2     82.2
AVG. MINIMUM    55.1               54.2     0.9     57.9
MEAN            67.2               66.6     0.6     70.1
DAYS MAX >= 90     2                3.4    -1.4        2
DAYS MAX <= 32     0                0.0     0.0        0
DAYS MIN <= 32     0                0.0     0.0        0
DAYS MIN <= 0      0                0.0     0.0        0

PRECIPITATION (INCHES)
TOTALS          1.16               2.93   -1.77     2.95
DAILY AVG.      0.04               0.10   -0.06     0.10
DAYS >= .01        8                8.8    -0.8        8
DAYS >= .10        4                4.4    -0.4        7
DAYS >= .50        0                1.9    -1.9        3
DAYS >= 1.00       0                0.6    -0.6        0
GREATEST
 24 HR. TOTAL   0.39   09/10 TO 09/11


DEGREE DAYS
HEATING TOTAL     73                 68       5       29
 SINCE 7/1        73                 72       1       MM
COOLING TOTAL    144                116      28      187
 SINCE 1/1      1296               1057     239       MM
................................................................

WIND (MPH)
AVERAGE WIND SPEED              4.9
HIGHEST WIND SPEED/DIRECTION    21/250    DATE  09/12
                                21/310          09/21
                                21/270          09/26
HIGHEST GUST SPEED/DIRECTION    32/300    DATE  09/27

SKY COVER
AVERAGE SKY COVER           0.28

AVERAGE RH (PERCENT)     74

WEATHER CONDITIONS. NUMBER OF DAYS WITH
THUNDERSTORM              3     MIXED PRECIP               0
HEAVY RAIN                2     RAIN                       4
LIGHT RAIN               10     FREEZING RAIN              0
LT FREEZING RAIN          0     HAIL                       0
HEAVY SNOW                0     SNOW                       0
LIGHT SNOW                0     SLEET                      0
FOG                      21     FOG W/VIS <= 1/4 MILE      7
HAZE                      0

-  INDICATES NEGATIVE NUMBERS.
R  INDICATES RECORD WAS SET OR TIED.
MM INDICATES DATA IS MISSING.
T  INDICATES TRACE AMOUNT.

$$
