000
CXUS51 KCAR 012346
CLMHUL

CLIMATE REPORT
NATIONAL WEATHER SERVICE CARIBOU ME
746 PM EDT THU SEP 01 2022

...................................

...THE HOULTON ME CLIMATE SUMMARY FOR THE MONTH OF AUGUST 2022...

CLIMATE NORMAL PERIOD: 1991 TO 2020
CLIMATE RECORD PERIOD: 1948 TO 2022

WEATHER         OBSERVED          NORMAL  DEPART   LAST YEAR`S
                VALUE   DATE(S)   VALUE   FROM     VALUE DATE(S)
                                          NORMAL
................................................................
TEMPERATURE (F)
RECORD
 HIGH             99   08/02/1975
 LOW              30   08/28/1978
                       08/25/1978
HIGHEST           91   08/07         MM      MM       91  08/13
LOWEST            42   08/28         MM      MM       41  08/28
AVG. MAXIMUM    76.8               76.7     0.1     79.9
AVG. MINIMUM    56.3               52.1     4.2     58.5
MEAN            66.5               64.4     2.1     69.2
DAYS MAX >= 90     1                0.8     0.2        1
DAYS MAX <= 32     0                0.0     0.0        0
DAYS MIN <= 32     0                0.0     0.0        0
DAYS MIN <= 0      0                0.0     0.0        0

PRECIPITATION (INCHES)
RECORD
 MAXIMUM        3.49   2021
 MINIMUM        1.47   2020
TOTALS          5.57                       2.05
DAILY AVG.      0.18               0.11    0.07     0.11
DAYS >= .01       13               11.8     1.2       10
DAYS >= .10        7                6.7     0.3        6
DAYS >= .50        4                2.5     1.5        2
DAYS >= 1.00       2                0.8     1.2        1
GREATEST
 24 HR. TOTAL   1.55   08/08 TO 08/09               2.24  08/23 TO 08/24

SNOWFALL (INCHES)
RECORDS
 TOTAL            MM   MM
TOTALS            MM                 MM      MM       MM
SINCE 7/1         MM                 MM      MM       MM
SNOWDEPTH AVG.    MM                                  MM
DAYS >= 1.0       MM                 MM      MM       MM
GREATEST
 SNOW DEPTH       MM                                  MM  MM
 24 HR TOTAL      MM                                  MM

DEGREE DAYS
HEATING TOTAL     41                 81     -40
................................................................

WIND (MPH)
AVERAGE WIND SPEED              4.7
HIGHEST WIND SPEED/DIRECTION    21/020    DATE  08/17
HIGHEST GUST SPEED/DIRECTION    50/320    DATE  08/31

SKY COVER
POSSIBLE SUNSHINE (PERCENT)   MM
AVERAGE SKY COVER           0.46
NUMBER OF DAYS FAIR           16
NUMBER OF DAYS PC              5
NUMBER OF DAYS CLOUDY         10

AVERAGE RH (PERCENT)     77

WEATHER CONDITIONS. NUMBER OF DAYS WITH
THUNDERSTORM              3     MIXED PRECIP               0
HEAVY RAIN                7     RAIN                       6
LIGHT RAIN               17     FREEZING RAIN              0
LT FREEZING RAIN          0     HAIL                       0
HEAVY SNOW                0     SNOW                       0
LIGHT SNOW                0     SLEET                      0
FOG                      25     FOG W/VIS <= 1/4 MILE      5
HAZE                      0

-  INDICATES NEGATIVE NUMBERS.
*  INDICATES RECORD WAS SET OR TIED.
MM INDICATES DATA IS MISSING.
T  INDICATES TRACE AMOUNT.

$$
