000
CXUS54 KHGX 011336
CLMIAH

CLIMATE REPORT
NATIONAL WEATHER SERVICE HOUSTON/GALVESTON TX
836 AM CDT THU SEP 01 2022

...................................

...THE HOUSTON INTERCONTINENTAL CLIMATE SUMMARY FOR THE MONTH OF AUGUST 2022...

CLIMATE NORMAL PERIOD: 1991 TO 2020
CLIMATE RECORD PERIOD: 1892 TO 2022

WEATHER         OBSERVED          NORMAL  DEPART   LAST YEAR`S
                VALUE   DATE(S)   VALUE   FROM     VALUE DATE(S)
                                          NORMAL
................................................................
TEMPERATURE (F)
RECORD
 HIGH            109   08/27/2011
 LOW              54   08/24/1891
HIGHEST          102   08/10         94       8       99  08/31
LOWEST            71   08/10         73      -2       73  08/23
AVG. MAXIMUM    94.4               94.9    -0.5     95.5
AVG. MINIMUM    75.7               75.4     0.3     76.5
MEAN            85.1               85.2    -0.1     86.0
DAYS MAX >= 90    27               27.1    -0.1       30
DAYS MAX <= 32     0                0.0     0.0        0
DAYS MIN <= 32     0                0.0     0.0        0
DAYS MIN <= 0      0                0.0     0.0        0

PRECIPITATION (INCHES)
RECORD
 MAXIMUM       39.11   2017
TOTALS          8.58               4.84    3.74
DAILY AVG.      0.28               0.16    0.12     0.03
DAYS >= .01       17                8.5     8.5        8
DAYS >= .10       10                5.8     4.2        3
DAYS >= .50        6                2.7     3.3        0
DAYS >= 1.00       3                1.2     1.8        0
GREATEST
 24 HR. TOTAL   2.88   08/10 TO 08/11               0.46  08/17 TO 08/18

SNOWFALL (INCHES)
RECORDS
 TOTAL           0.0   2002
TOTALS           0.0
SINCE 7/1        0.0
 LIQUID 7/1     0.00
DAYS >= TRACE      0
GREATEST
 24 HR TOTAL      MM

DEGREE DAYS
HEATING TOTAL      0                  0       0        0
 SINCE 7/1         0                  0       0       MM
COOLING TOTAL    629                625       4      662
 SINCE 1/1      2843               2485     358       MM
................................................................

WIND (MPH)
AVERAGE WIND SPEED              6.4
HIGHEST WIND SPEED/DIRECTION    33/150    DATE  08/20
HIGHEST GUST SPEED/DIRECTION    47/080    DATE  08/10

SKY COVER
AVERAGE SKY COVER           0.63

AVERAGE RH (PERCENT)     74

WEATHER CONDITIONS. NUMBER OF DAYS WITH
THUNDERSTORM             15     MIXED PRECIP               0
HEAVY RAIN                9     RAIN                       6
LIGHT RAIN               17     FREEZING RAIN              0
LT FREEZING RAIN          0     HAIL                       0
HEAVY SNOW                0     SNOW                       0
LIGHT SNOW                0     SLEET                      0
FOG                      14     FOG W/VIS <= 1/4 MILE      1
HAZE                      1

-  INDICATES NEGATIVE NUMBERS.
R  INDICATES RECORD WAS SET OR TIED.
MM INDICATES DATA IS MISSING.
T  INDICATES TRACE AMOUNT.

$$
