000
CXUS53 KUNR 011522
CLMICR

CLIMATE REPORT
NATIONAL WEATHER SERVICE RAPID CITY SD
922 AM MDT SAT OCT 01 2022

...................................

...THE WINNER REGIONAL AIRPORT SD CLIMATE SUMMARY FOR THE MONTH OF SEPTEMBER 2022...

CLIMATE NORMAL PERIOD 1991 TO 2020
CLIMATE RECORD PERIOD 9999 TO 9999

WEATHER         OBSERVED          NORMAL  DEPART   LAST YEAR`S
                VALUE   DATE(S)   VALUE   FROM     VALUE DATE(S)
                                          NORMAL
................................................................
TEMPERATURE (F)
HIGHEST          103   09/05                          98  09/28
                       09/08
LOWEST            40   09/26                          45  09/21
                       09/27
                                                          09/22
AVG. MAXIMUM    85.5               79.2     6.3     82.4
AVG. MINIMUM    53.9               53.0     0.9     55.3
MEAN            69.7               66.1     3.6     68.8
DAYS MAX >= 90    11                                   8
DAYS MAX <= 32     0                                   0
DAYS MIN <= 32     0                                   0
DAYS MIN <= 0      0                                   0

PRECIPITATION (INCHES)
TOTALS          0.29R              1.81   -1.52     3.47
DAILY AVG.      0.01               0.06   -0.05     0.12
DAYS >= .01        4                                   8
DAYS >= .10        1                                   6
DAYS >= .50        0                                   2
DAYS >= 1.00       0                                   1
GREATEST
 24 HR. TOTAL   0.15   09/09 TO 09/09               1.76


DEGREE DAYS
HEATING TOTAL     38                 98     -60       33
 SINCE 7/1        39                107     -68       MM
COOLING TOTAL    187                131      56      159
 SINCE 1/1      1259               1046     213       MM
................................................................

WIND (MPH)
AVERAGE WIND SPEED              11.5
HIGHEST WIND SPEED/DIRECTION    37/180    DATE  09/29
HIGHEST GUST SPEED/DIRECTION    51/180    DATE  09/29

AVERAGE RH (PERCENT)     49

WEATHER CONDITIONS. NUMBER OF DAYS WITH
THUNDERSTORM              1     MIXED PRECIP               0
HEAVY RAIN                0     RAIN                       1
LIGHT RAIN                6     FREEZING RAIN              0
LT FREEZING RAIN          0     HAIL                       0
HEAVY SNOW                0     SNOW                       0
LIGHT SNOW                0     SLEET                      0
FOG                       2     FOG W/VIS <= 1/4 MILE      0
HAZE                      5

-  INDICATES NEGATIVE NUMBERS.
R  INDICATES RECORD WAS SET OR TIED.
MM INDICATES DATA IS MISSING.
T  INDICATES TRACE AMOUNT.

$$
