000
CXUS53 KICT 010701
CLMICT

CLIMATE REPORT
NATIONAL WEATHER SERVICE WICHITA KANSAS
201 AM CDT SAT OCT 01 2022

...................................

...THE WICHITA EISENHOWER NATIONAL CLIMATE SUMMARY FOR THE MONTH OF SEPTEMBER 2022...

CLIMATE NORMAL PERIOD 1991 TO 2020
CLIMATE RECORD PERIOD 1888 TO 2022

WEATHER         OBSERVED          NORMAL  DEPART   LAST YEAR`S
                VALUE   DATE(S)   VALUE   FROM     VALUE DATE(S)
                                          NORMAL
................................................................
TEMPERATURE (F)
RECORD
 HIGH            108   09/02/2000
                       09/03/1947
 LOW              31   09/30/1984
HIGHEST          101   09/19                         100  09/02
                       09/21
LOWEST            48   09/12                          47  09/22
                                                          09/25
AVG. MAXIMUM    89.1               83.3     5.8     88.7
AVG. MINIMUM    60.7               60.1     0.6     62.4
MEAN            74.9               71.7     3.2     75.6
DAYS MAX >= 90    17                8.0     9.0       16
DAYS MAX <= 32     0                0.0     0.0        0
DAYS MIN <= 32     0                0.0     0.0        0
DAYS MIN <= 0      0                0.0     0.0        0

PRECIPITATION (INCHES)
RECORD
 MAXIMUM       12.96   2008
 MINIMUM        0.03   1956
TOTALS          0.67               3.05   -2.38     3.04
DAILY AVG.      0.02               0.10   -0.08     0.10
DAYS >= .01        5                6.9    -1.9        6
DAYS >= .10        1                4.0    -3.0        4
DAYS >= .50        1                1.5    -0.5        3
DAYS >= 1.00       0                0.8    -0.8        1
GREATEST
 24 HR. TOTAL   0.53   09/21 TO 09/22

SNOWFALL (INCHES)
RECORDS
 TOTAL             T   2012
TOTALS           0.0                0.0     0.0      0.0
SINCE 7/1        0.0                0.0     0.0       MM
SNOWDEPTH AVG.     0                                   0
DAYS >= 1.0        0                0.0     0.0        0
GREATEST
 SNOW DEPTH        0                                   0  MM
 24 HR TOTAL      MM                                 0.0

DEGREE DAYS
HEATING TOTAL      8                 32     -24        2
 SINCE 7/1         8                 30     -22       MM
COOLING TOTAL    312                233      79      327
 SINCE 1/1      2094               1726     368       MM
................................................................

WIND (MPH)
AVERAGE WIND SPEED              10.3
HIGHEST WIND SPEED/DIRECTION    33/040    DATE  09/21
HIGHEST GUST SPEED/DIRECTION    44/040    DATE  09/21

SKY COVER
POSSIBLE SUNSHINE (PERCENT)   MM
AVERAGE SKY COVER           0.30
NUMBER OF DAYS FAIR           20
NUMBER OF DAYS PC              9
NUMBER OF DAYS CLOUDY          1

AVERAGE RH (PERCENT)     55

WEATHER CONDITIONS. NUMBER OF DAYS WITH
THUNDERSTORM              3     MIXED PRECIP               0
HEAVY RAIN                1     RAIN                       1
LIGHT RAIN                6     FREEZING RAIN              0
LT FREEZING RAIN          0     HAIL                       0
HEAVY SNOW                0     SNOW                       0
LIGHT SNOW                0     SLEET                      0
FOG                       3     FOG W/VIS <= 1/4 MILE      0
HAZE                      5

-  INDICATES NEGATIVE NUMBERS.
R  INDICATES RECORD WAS SET OR TIED.
MM INDICATES DATA IS MISSING.
T  INDICATES TRACE AMOUNT.

$$
