000
CXUS53 KUNR 011542
CLMIEN

CLIMATE REPORT
NATIONAL WEATHER SERVICE RAPID CITY SD
942 AM MDT THU SEP 01 2022

...................................

...THE PINE RIDGE SD CLIMATE SUMMARY FOR THE MONTH OF AUGUST 2022...

CLIMATE NORMAL PERIOD 1991 TO 2020
CLIMATE RECORD PERIOD 9999 TO 9999

WEATHER         OBSERVED          NORMAL  DEPART   LAST YEAR`S
                VALUE   DATE(S)   VALUE   FROM     VALUE DATE(S)
                                          NORMAL
................................................................
TEMPERATURE (F)
HIGHEST          108   08/05                         104  08/17
LOWEST            46   08/20                          39  08/29
AVG. MAXIMUM    92.9               87.8     5.1     92.3
AVG. MINIMUM    59.0               56.9     2.1     54.8
MEAN            76.0               72.4     3.6     73.6
DAYS MAX >= 90    21                                  20
DAYS MAX <= 32     0                                   0
DAYS MIN <= 32     0                                   0
DAYS MIN <= 0      0                                   0

PRECIPITATION (INCHES)
TOTALS          0.03R              1.48   -1.45     0.58
DAILY AVG.      0.00               0.05   -0.05     0.02
DAYS >= .01        2                                   2
DAYS >= .10        0                                   1
DAYS >= .50        0                                   0
DAYS >= 1.00       0                                   0
GREATEST
 24 HR. TOTAL   0.02   08/26 TO 08/26               0.49


DEGREE DAYS
HEATING TOTAL      0                 22     -22        7
 SINCE 7/1         0                 27     -27       MM
COOLING TOTAL    346                250      96      270
 SINCE 1/1       849                697     152       MM
................................................................

WIND (MPH)
AVERAGE WIND SPEED              8.3
HIGHEST WIND SPEED/DIRECTION    36/210    DATE  08/13
HIGHEST GUST SPEED/DIRECTION    49/180    DATE  08/04

AVERAGE RH (PERCENT)     54

WEATHER CONDITIONS. NUMBER OF DAYS WITH
THUNDERSTORM              9     MIXED PRECIP               0
HEAVY RAIN                2     RAIN                       2
LIGHT RAIN               11     FREEZING RAIN              0
LT FREEZING RAIN          0     HAIL                       0
HEAVY SNOW                0     SNOW                       0
LIGHT SNOW                0     SLEET                      0
FOG                      10     FOG W/VIS <= 1/4 MILE      1
HAZE                      1

-  INDICATES NEGATIVE NUMBERS.
R  INDICATES RECORD WAS SET OR TIED.
MM INDICATES DATA IS MISSING.
T  INDICATES TRACE AMOUNT.

$$
