000
CXUS55 KVEF 082124
CLMIGM

CLIMATE REPORT
NATIONAL WEATHER SERVICE LAS VEGAS, NV
224 PM PDT THU SEP 08 2022

...................................

...THE KINGMAN AZ CLIMATE SUMMARY FOR THE MONTH OF JUNE 2022...

CLIMATE NORMAL PERIOD: 1991 TO 2020
CLIMATE RECORD PERIOD: 1901 TO 2022

WEATHER         OBSERVED          NORMAL  DEPART   LAST YEAR`S
                VALUE   DATE(S)   VALUE   FROM     VALUE DATE(S)
                                          NORMAL
................................................................
TEMPERATURE (F)
RECORD
 HIGH            113   06/20/2017
 LOW              34   06/04/1908
                       06/01/1908
HIGHEST          105   06/11         MM      MM      111  06/15
                                                          06/18
                                                          06/19
LOWEST            50   06/20         MM      MM       50  06/11
AVG. MAXIMUM    97.1               95.1     2.0    100.2
AVG. MINIMUM    65.5               62.3     3.2     68.8
MEAN            81.3               78.7     2.6     84.5
DAYS MAX >= 90    28               24.2     3.8       28
DAYS MAX <= 32     0                0.0     0.0        0
DAYS MIN <= 32     0                0.0     0.0        0
DAYS MIN <= 0      0                0.0     0.0        0

PRECIPITATION (INCHES)
RECORD
 MAXIMUM        3.00   1920
 MINIMUM        0.00   2020
TOTALS          0.41               0.11    0.30     0.01
DAILY AVG.      0.01               0.00    0.01     0.00
DAYS >= .01        3                0.8     2.2        1
DAYS >= .10        1                0.3     0.7        0
DAYS >= .50        0                0.1    -0.1        0
DAYS >= 1.00       0                0.0     0.0        0
GREATEST
 24 HR. TOTAL   0.39   06/25 TO 06/26


DEGREE DAYS
HEATING TOTAL      0                  2      -2        0
 SINCE 7/1      2661               3008    -347       MM
COOLING TOTAL    494                413      81      593
 SINCE 1/1       708                612      96       MM

FREEZE DATES
RECORD
 EARLIEST     09/24/1920
 LATEST       05/21/1975
EARLIEST                        MM
LATEST                          04/13
................................................................

WIND (MPH)
AVERAGE WIND SPEED              11.8
HIGHEST WIND SPEED/DIRECTION    39/200    DATE  06/18
HIGHEST GUST SPEED/DIRECTION    53/220    DATE  06/13

SKY COVER
POSSIBLE SUNSHINE (PERCENT)   MM
AVERAGE SKY COVER           0.30
NUMBER OF DAYS FAIR           29
NUMBER OF DAYS PC              1
NUMBER OF DAYS CLOUDY          0

AVERAGE RH (PERCENT)     MM

WEATHER CONDITIONS. NUMBER OF DAYS WITH
THUNDERSTORM              2     MIXED PRECIP               0
HEAVY RAIN                1     RAIN                       2
LIGHT RAIN                7     FREEZING RAIN              0
LT FREEZING RAIN          0     HAIL                       0
HEAVY SNOW                0     SNOW                       0
LIGHT SNOW                0     SLEET                      0
FOG                       5     FOG W/VIS <= 1/4 MILE      0
HAZE                      4

-  INDICATES NEGATIVE NUMBERS.
R  INDICATES RECORD WAS SET OR TIED.
MM INDICATES DATA IS MISSING.
T  INDICATES TRACE AMOUNT.

$$
