000
CXUS51 KPHI 040142
CLMILG

CLIMATE REPORT
NATIONAL WEATHER SERVICE MOUNT HOLLY NJ
942 PM EDT MON OCT 03 2022

...................................

...THE WILMINGTON DE CLIMATE SUMMARY FOR THE MONTH OF SEPTEMBER 2022...

CLIMATE NORMAL PERIOD: 1991 TO 2020
CLIMATE RECORD PERIOD: 1894 TO 2022

WEATHER         OBSERVED          NORMAL  DEPART   LAST YEAR`S
                VALUE   DATE(S)   VALUE   FROM     VALUE DATE(S)
                                          NORMAL
................................................................
TEMPERATURE (F)
RECORD
 HIGH            100   09/11/1983
                       09/03/1953
                       09/02/1953
 LOW              32   09/27/1940
HIGHEST           89                 90      -1       89
LOWEST            42                 43      -1       50
AVG. MAXIMUM    79.4               78.5     0.9     80.0
AVG. MINIMUM    59.7               59.3     0.4     60.7
MEAN            69.6               68.9     0.7     70.3
DAYS MAX >= 90     0                1.9    -1.9        0
DAYS MAX <= 32     0                0.0     0.0        0
DAYS MIN <= 32     0                0.0     0.0        0
DAYS MIN <= 0      0                0.0     0.0        0

PRECIPITATION (INCHES)
RECORD
 MAXIMUM       12.68   1999
 MINIMUM        0.38   1915
TOTALS          2.85               4.38   -1.53     5.36
DAILY AVG.      0.10               0.15   -0.05     0.18
DAYS >= .01        8                8.8    -0.8        8
DAYS >= .10        3                5.9    -2.9        5
DAYS >= .50        1                2.5    -1.5        3
DAYS >= 1.00       1                1.3    -0.3        2
GREATEST
 24 HR. TOTAL   1.85   09/05 TO 09/06               2.30

SNOWFALL (INCHES)
RECORDS
 TOTAL           0.0
 24 HR TOTAL      MM
TOTALS           0.0                0.0     0.0      0.0
SINCE 7/1        0.0                0.0     0.0       MM
SNOWDEPTH AVG.     0                                   0
DAYS >= 1.0        0                0.0     0.0        0
GREATEST
 SNOW DEPTH        0                                   0  MM
 24 HR TOTAL     0.0                                  MM

DEGREE DAYS
HEATING TOTAL     32                 38      -6        9
 SINCE 7/1        32                 38      -6       MM
COOLING TOTAL    175                155      20      176
 SINCE 1/1      1408               1206     202       MM
................................................................

WIND (MPH)
AVERAGE WIND SPEED              7.7
HIGHEST WIND SPEED/DIRECTION    31/290    DATE  09/25
HIGHEST GUST SPEED/DIRECTION    40/300    DATE  09/25

SKY COVER
POSSIBLE SUNSHINE (PERCENT)   MM
AVERAGE SKY COVER           0.23
NUMBER OF DAYS FAIR           23
NUMBER OF DAYS PC              3
NUMBER OF DAYS CLOUDY          4

AVERAGE RH (PERCENT)     68

WEATHER CONDITIONS. NUMBER OF DAYS WITH
THUNDERSTORM              1     MIXED PRECIP               0
HEAVY RAIN                3     RAIN                       4
LIGHT RAIN               12     FREEZING RAIN              0
LT FREEZING RAIN          0     HEAVY SNOW                 0
SNOW                      0     LIGHT SNOW                 0
SLEET                     0     FOG                        9
FOG W/VIS <= 1/4 MILE     1     HAZE                       1

-  INDICATES NEGATIVE NUMBERS.
R  INDICATES RECORD WAS SET OR TIED.
MM INDICATES DATA IS MISSING.
T  INDICATES TRACE AMOUNT.

$$
