000
CXUS52 KILM 011928
CLMILM

CLIMATE REPORT
NATIONAL WEATHER SERVICE WILMINGTON NC
328 PM EDT THU SEP 01 2022

...................................

...THE WILMINGTON NORTH CAROLINA CLIMATE SUMMARY FOR THE MONTH OF AUGUST 2022...

CLIMATE NORMAL PERIOD 1991 TO 2020
CLIMATE RECORD PERIOD 1871 TO 2022

WEATHER         OBSERVED          NORMAL  DEPART   LAST YEAR`S
                VALUE   DATE(S)   VALUE   FROM     VALUE DATE(S)
                                          NORMAL
................................................................
TEMPERATURE (F)
RECORD
 HIGH            103   08/01/1999
 LOW              55   08/07/2004
                       08/30/1982
HIGHEST           98   08/10         MM      MM       95  08/24
                                                          08/29
                                                          08/30
LOWEST            65   08/13         MM      MM       70  08/05
                       08/14
AVG. MAXIMUM    89.1               88.3     0.8     89.4
AVG. MINIMUM    73.3               71.7     1.6     74.3
MEAN            81.2               80.0     1.2     81.8
DAYS MAX >= 90    13               11.7     1.3       20
DAYS MAX <= 32     0                0.0     0.0        0
DAYS MIN <= 32     0                0.0     0.0        0
DAYS MIN <= 0      0                0.0     0.0        0

PRECIPITATION (INCHES)
RECORD
 MAXIMUM       18.83   2006
 MINIMUM        1.56   1930
TOTALS          6.71               8.16   -1.45    10.07
DAILY AVG.      0.22               0.26   -0.04
DAYS >= .01       15               13.9     1.1
DAYS >= .10        7                9.7    -2.7
DAYS >= .50        5                4.9     0.1
DAYS >= 1.00       1                2.7    -1.7
GREATEST
 24 HR. TOTAL   3.08   08/19 TO 08/19

SNOWFALL (INCHES)
RECORDS
 TOTAL            MM   MM
 24 HR TOTAL      MM
TOTALS           0.0                0.0     0.0      0.0
SINCE 7/1        0.0                0.0     0.0       MM
DAYS >= TRACE      0                0.0     0.0        0
DAYS >= 1.0        0                0.0     0.0        0
GREATEST
 SNOW DEPTH        0                                   0  MM
 24 HR TOTAL      MM    MM                           0.0
 STORM TOTAL     0.0
 (MM/DD(HH))

DEGREE DAYS
HEATING TOTAL      0                  0       0        0
 SINCE 7/1         0                  0       0
COOLING TOTAL    510                465      45      529
 SINCE 1/1      1982               1685     297

FREEZE DATES
RECORD
 EARLIEST     10/16/1876
 LATEST       04/21/1983
EARLIEST                        MM
LATEST                          03/14
................................................................

WIND (MPH)
AVERAGE WIND SPEED              5.9
RESULTANT WIND SPEED/DIRECTION   2/200
HIGHEST WIND SPEED/DIRECTION    39/260    DATE  08/03
HIGHEST GUST SPEED/DIRECTION    54/270    DATE  08/03

SKY COVER
AVERAGE SKY COVER           0.27

AVERAGE RH (PERCENT)     75

WEATHER CONDITIONS. NUMBER OF DAYS WITH
THUNDERSTORM             11     MIXED PRECIP               0
HEAVY RAIN                6     RAIN                       7
LIGHT RAIN               15     FREEZING RAIN              0
LT FREEZING RAIN          0     HAIL                       0
HEAVY SNOW                0     SNOW                       0
LIGHT SNOW                0     SLEET                      0
FOG                      12     FOG W/VIS <= 1/4 MILE      2
HAZE                      1

-  INDICATES NEGATIVE NUMBERS.
R  INDICATES RECORD WAS SET OR TIED.
MM INDICATES DATA IS MISSING.
T  INDICATES TRACE AMOUNT.

$$
