000
CXUS53 KILX 011508
CLMILX

CLIMATE REPORT
NATIONAL WEATHER SERVICE LINCOLN IL
1008 AM CDT THU SEP 01 2022

...................................

...THE LINCOLN IL CLIMATE SUMMARY FOR THE MONTH OF AUGUST 2022...

CLIMATE NORMAL PERIOD 1991 TO 2020
CLIMATE RECORD PERIOD 1905 TO 2022

WEATHER         OBSERVED          NORMAL  DEPART   LAST YEAR`S
                VALUE   DATE(S)   VALUE   FROM     VALUE
                                          NORMAL
..............................................................
TEMPERATURE (F)
RECORD
 HIGH            106   08/09/1934
 LOW              36   08/31/1915
HIGHEST           90   08/03         MM      MM       92
                       08/06
LOWEST            52   08/12         MM      MM       53
AVG. MAXIMUM    83.3               84.0    -0.7     85.6
AVG. MINIMUM    61.6               61.3     0.3     63.8
MEAN            72.5               72.6    -0.1     74.7
DAYS MAX >= 90     2                5.8    -3.8        6
DAYS MAX <= 32     0                0.0     0.0        0
DAYS MIN <= 32     0                0.0     0.0        0
DAYS MIN <= 0      0                0.0     0.0        0

PRECIPITATION (INCHES)
RECORD
 MAXIMUM        8.58   2002
 MINIMUM        0.31   1943
TOTALS          4.89               3.47    1.42     3.78
DAILY AVG.      0.16               0.11    0.05     0.12
DAYS >= .01       12                8.7     3.3       10
DAYS >= .10        6                5.5     0.5        7
DAYS >= .50        3                2.3     0.7        2
DAYS >= 1.00       1                0.9     0.1        1
GREATEST
 24 HR. TOTAL   2.10   08/02 TO 08/02               1.35

SNOWFALL (INCHES)
RECORDS
 TOTAL           0.0   MM
TOTALS           0.0                0.0     0.0      0.0
SINCE 7/1        0.0                0.0     0.0       MM
DAYS >= 1.0        0                0.0     0.0        0
GREATEST
 SNOW DEPTH        0                                   0
 24 HR TOTAL      MM                                  MM

DEGREE DAYS
HEATING TOTAL      0                  6      -6        0
 SINCE 7/1         0                  2      -2       MM
COOLING TOTAL    238                243      -5      308
 SINCE 1/1       908                879      29       MM
..............................................................

WIND (MPH)
AVERAGE WIND SPEED              MM
HIGHEST WIND SPEED/DIRECTION    MM        DATE   MM
HIGHEST GUST SPEED/DIRECTION    MM        DATE   MM

AVERAGE RH (PERCENT)     MM

WEATHER CONDITIONS. NUMBER OF DAYS WITH
THUNDERSTORM              8     MIXED PRECIP               0
HEAVY RAIN                6     RAIN                       8
LIGHT RAIN               14     FREEZING RAIN              0
LT FREEZING RAIN          0     HAIL                       0
HEAVY SNOW                0     SNOW                       0
LIGHT SNOW                0     SLEET                      0
FOG                       8     FOG W/VIS <= 1/4 MILE      2
HAZE                      1

-  INDICATES NEGATIVE NUMBERS.
R  INDICATES RECORD WAS SET OR TIED.
MM INDICATES DATA IS MISSING.
T  INDICATES TRACE AMOUNT.
&&

RECORD DAILY PRECIPITATION OF 2.10 INCHES ON AUGUST 2.

$$

ERWIN
