000
CXUS53 KLBF 010951
CLMIML

CLIMATE REPORT
NATIONAL WEATHER SERVICE NORTH PLATTE NE
451 AM CDT SAT OCT 01 2022

...................................

...THE IMPERIAL CLIMATE SUMMARY FOR THE MONTH OF SEPTEMBER 2022...

CLIMATE NORMAL PERIOD 1991 TO 2020
CLIMATE RECORD PERIOD 1893 TO 2022

WEATHER         OBSERVED          NORMAL  DEPART   LAST YEAR`S
                VALUE   DATE(S)   VALUE   FROM     VALUE DATE(S)
                                          NORMAL
................................................................
TEMPERATURE (F)
RECORD
 HIGH            110   09/05/1931
 LOW              19   09/25/1942
                       09/25/1926
HIGHEST          104   09/08         96       8      100  09/10
                                                          09/11
LOWEST            38   09/11         34       4       32  09/22
AVG. MAXIMUM    86.1               80.4     5.7     86.5
AVG. MINIMUM    51.6               50.1     1.5     51.8
MEAN            68.8               65.3     3.5     69.1
DAYS MAX >= 90    12                7.5     4.5       12
DAYS MAX <= 32     0                0.0     0.0        0
DAYS MIN <= 32     0                0.1    -0.1        1
DAYS MIN <= 0      0                0.0     0.0        0

PRECIPITATION (INCHES)
RECORD
 MAXIMUM        6.84   1932
 MINIMUM        0.00   1893
TOTALS          0.95               1.29   -0.34     0.83
DAILY AVG.      0.03               0.04   -0.01     0.03
DAYS >= .01        4                6.3    -2.3        6
DAYS >= .10        2                3.1    -1.1        3
DAYS >= .50        1                0.8     0.2        0
DAYS >= 1.00       0                0.1    -0.1        0
GREATEST
 24 HR. TOTAL   0.84   09/21 TO 09/22               0.34  09/01 TO 09/01

SNOWFALL (INCHES)
TOTALS            MM

DEGREE DAYS
HEATING TOTAL     51                 98     -47       34
 SINCE 7/1        51                108     -57       MM
COOLING TOTAL    173                105      68      165
 SINCE 1/1      1367               1008     359       MM
................................................................

WIND (MPH)
HIGHEST WIND SPEED/DIRECTION    31/180    DATE  09/14
HIGHEST GUST SPEED/DIRECTION    49/040    DATE  09/09

AVERAGE RH (PERCENT)     60

WEATHER CONDITIONS. NUMBER OF DAYS WITH
THUNDERSTORM              3     MIXED PRECIP               0
HEAVY RAIN                0     RAIN                       0
LIGHT RAIN                6     FREEZING RAIN              0
LT FREEZING RAIN          0     HAIL                       0
HEAVY SNOW                0     SNOW                       0
LIGHT SNOW                0     SLEET                      0
FOG                       1     FOG W/VIS <= 1/4 MILE      0
HAZE                      1

-  INDICATES NEGATIVE NUMBERS.
R  INDICATES RECORD WAS SET OR TIED.
MM INDICATES DATA IS MISSING.
T  INDICATES TRACE AMOUNT.

$$
