000
CXUS53 KIND 011557
CLMIND

CLIMATE REPORT
NATIONAL WEATHER SERVICE INDIANAPOLIS IN
1157 AM EDT THU SEP 01 2022

...................................

...THE INDIANAPOLIS IN CLIMATE SUMMARY FOR THE MONTH OF AUGUST 2022...

CLIMATE NORMAL PERIOD 1991 TO 2020
CLIMATE RECORD PERIOD 1871 TO 2022

WEATHER         OBSERVED          NORMAL  DEPART   LAST YEAR`S
                VALUE   DATE(S)   VALUE   FROM     VALUE DATE(S)
                                          NORMAL
................................................................
TEMPERATURE (F)
RECORD
 HIGH            103   08/05/1918
 LOW              41   08/29/1965
HIGHEST           93   08/03                          94  08/12
                                                          08/24
LOWEST            58   08/13                          57  08/02
                       08/31
AVG. MAXIMUM    84.5               84.3     0.2     86.9
AVG. MINIMUM    65.5               65.0     0.5     68.2
MEAN            75.0               74.7     0.3     77.6
DAYS MAX >= 90     6                5.9     0.1       11
DAYS MAX <= 32     0                0.0     0.0        0
DAYS MIN <= 32     0                0.0     0.0        0
DAYS MIN <= 0      0                0.0     0.0        0

PRECIPITATION (INCHES)
RECORD
 MAXIMUM        8.34   1980
 MINIMUM        0.37   2010
TOTALS          4.44               3.20    1.24     1.99
DAILY AVG.      0.14               0.10    0.04     0.06
DAYS >= .01        9                8.3     0.7        7
DAYS >= .10        7                5.5     1.5        3
DAYS >= .50        2                2.4    -0.4        1
DAYS >= 1.00       2                0.9     1.1        1
GREATEST
 24 HR. TOTAL   1.99   08/29 TO 08/29

SNOWFALL (INCHES)
RECORDS
 TOTAL             T   2000
 SNOW DEPTH       MM   MM
TOTALS           0.0                0.0     0.0      0.0
SINCE 7/1        0.0                0.0     0.0       MM
SNOWDEPTH AVG.     0
DAYS >= 1.0        0                0.0     0.0        0
GREATEST
 SNOW DEPTH        0                                   0  MM
 24 HR TOTAL     0.0                                  MM

DEGREE DAYS
HEATING TOTAL      0                  2      -2        0
 SINCE 7/1         0                  1      -1       MM
COOLING TOTAL    322                301      21      398
 SINCE 1/1      1158                976     182       MM
................................................................

WIND (MPH)
AVERAGE WIND SPEED              7.9
HIGHEST WIND SPEED/DIRECTION    38/290    DATE  08/01
HIGHEST GUST SPEED/DIRECTION    50/280    DATE  08/01

SKY COVER
AVERAGE SKY COVER           0.55

AVERAGE RH (PERCENT)     70

WEATHER CONDITIONS. NUMBER OF DAYS WITH
THUNDERSTORM             11     MIXED PRECIP               0
HEAVY RAIN                5     RAIN                       4
LIGHT RAIN               15     FREEZING RAIN              0
LT FREEZING RAIN          0     HAIL                       0
HEAVY SNOW                0     SNOW                       0
LIGHT SNOW                0     SLEET                      0
FOG                      14     FOG W/VIS <= 1/4 MILE      1
HAZE                      8

-  INDICATES NEGATIVE NUMBERS.
R  INDICATES RECORD WAS SET OR TIED.
MM INDICATES DATA IS MISSING.
T  INDICATES TRACE AMOUNT.

$$
