000
CXUS55 KFGZ 011719
CLMINW

CLIMATE REPORT
NATIONAL WEATHER SERVICE FLAGSTAFF AZ
1019 AM MST SAT OCT 01 2022

...................................

...THE WINSLOW AZ AIRPORT CLIMATE SUMMARY FOR THE MONTH OF SEPTEMBER 2022...

CLIMATE NORMAL PERIOD 1991 TO 2020
CLIMATE RECORD PERIOD 1915 TO 2022

WEATHER         OBSERVED          NORMAL  DEPART   LAST YEAR`S
                VALUE   DATE(S)   VALUE   FROM     VALUE DATE(S)
                                          NORMAL
................................................................
TEMPERATURE (F)
RECORD
 HIGH            103   09/05/2020
 LOW              29   09/27/1924
HIGHEST           99                                  98  09/08
LOWEST            47                                  44  09/22
AVG. MAXIMUM    87.5               85.6     1.9     87.6
AVG. MINIMUM    57.9               53.8     4.1     55.7
MEAN            72.7               69.7     3.0     71.7
DAYS MAX >= 90    12                7.9     4.1       15
DAYS MAX <= 32     0                0.0     0.0        0
DAYS MIN <= 32     0                0.0     0.0        0
DAYS MIN <= 0      0                0.0     0.0        0

PRECIPITATION (INCHES)
RECORD
 MAXIMUM        3.45   1996
 MINIMUM        0.00   1957
TOTALS          0.99               0.87    0.12     1.19
DAILY AVG.      0.03               0.03    0.00     0.04
DAYS >= .01        5                4.8     0.2        3
DAYS >= .10        3                2.2     0.8        3
DAYS >= .50        0                0.4    -0.4        1
DAYS >= 1.00       0                0.1    -0.1        0
GREATEST
 24 HR. TOTAL   0.46   09/21 TO 09/22               0.76


DEGREE DAYS
HEATING TOTAL      0                 24     -24       19
 SINCE 7/1         0                 22     -22       MM
COOLING TOTAL    240                165      75      229
 SINCE 1/1      1571               1319     252       MM
................................................................

WIND (MPH)
AVERAGE WIND SPEED              6.7
HIGHEST WIND SPEED/DIRECTION    32/170    DATE  09/12
HIGHEST GUST SPEED/DIRECTION    40/170    DATE  09/12

SKY COVER
POSSIBLE SUNSHINE (PERCENT)   MM
AVERAGE SKY COVER           0.12
NUMBER OF DAYS FAIR           26
NUMBER OF DAYS PC              3
NUMBER OF DAYS CLOUDY          1

AVERAGE RH (PERCENT)     50

WEATHER CONDITIONS. NUMBER OF DAYS WITH
THUNDERSTORM              7     MIXED PRECIP               0
HEAVY RAIN                2     RAIN                       3
LIGHT RAIN                7     FREEZING RAIN              0
LT FREEZING RAIN          0     HAIL                       0
HEAVY SNOW                0     SNOW                       0
LIGHT SNOW                0     SLEET                      0
FOG                       1     FOG W/VIS <= 1/4 MILE      0
HAZE                      3

-  INDICATES NEGATIVE NUMBERS.
R  INDICATES RECORD WAS SET OR TIED.
MM INDICATES DATA IS MISSING.
T  INDICATES TRACE AMOUNT.

$$
