000
CXUS53 KDVN 010952
CLMIOW

CLIMATE REPORT
NATIONAL WEATHER SERVICE QUAD CITIES IA IL
452 AM CDT THU SEP 01 2022

...................................

...THE IOWA CITY IA CLIMATE SUMMARY FOR THE MONTH OF AUGUST 2022...

CLIMATE NORMAL PERIOD 1991 TO 2020
CLIMATE RECORD PERIOD 9999 TO 9999

WEATHER         OBSERVED          NORMAL  DEPART   LAST YEAR`S
                VALUE   DATE(S)   VALUE   FROM     VALUE
                                          NORMAL
..............................................................
TEMPERATURE (F)
HIGHEST           96   08/06         84      12
LOWEST            55   08/18         59      -4
AVG. MAXIMUM    84.4               83.8     0.6
AVG. MINIMUM    64.2               63.3     0.9
MEAN            74.3               73.5     0.8
DAYS MAX >= 90     3
DAYS MAX <= 32     0
DAYS MIN <= 32     0
DAYS MIN <= 0      0

PRECIPITATION (INCHES)
TOTALS          2.00               3.94   -1.94
DAILY AVG.      0.06               0.13   -0.07
DAYS >= .01       10
DAYS >= .10        6
DAYS >= .50        2
DAYS >= 1.00       0
GREATEST
 24 HR. TOTAL   0.68   08/19 TO 08/20


DEGREE DAYS
HEATING TOTAL      0                  4      -4
 SINCE 7/1         0                  2      -2
COOLING TOTAL    297                269      28
 SINCE 1/1      1044                919     125
..............................................................

WIND (MPH)
AVERAGE WIND SPEED              6.3
HIGHEST WIND SPEED/DIRECTION    35/330    DATE  08/02
HIGHEST GUST SPEED/DIRECTION    51/300    DATE  08/02

SKY COVER
POSSIBLE SUNSHINE (PERCENT)   MM
AVERAGE SKY COVER           0.28
NUMBER OF DAYS FAIR           19
NUMBER OF DAYS PC             10
NUMBER OF DAYS CLOUDY          2

AVERAGE RH (PERCENT)     68

WEATHER CONDITIONS. NUMBER OF DAYS WITH
THUNDERSTORM              8     HAIL                       0
SLEET                     0     FOG                        6
FOG W/VIS <= 1/4 MILE     1     HAZE                       3

-  INDICATES NEGATIVE NUMBERS.
R  INDICATES RECORD WAS SET OR TIED.
MM INDICATES DATA IS MISSING.
T  INDICATES TRACE AMOUNT.

$$
