000
CXUS51 KCTP 010634
CLMIPT

CLIMATE REPORT
NATIONAL WEATHER SERVICE STATE COLLEGE PA
234 AM EDT THU SEP 01 2022

...................................

...THE WILLIAMSPORT PA CLIMATE SUMMARY FOR THE MONTH OF AUGUST 2022...

CLIMATE NORMAL PERIOD 1991 TO 2020
CLIMATE RECORD PERIOD 1895 TO 2022

WEATHER         OBSERVED          NORMAL  DEPART   LAST YEAR`S
                VALUE   DATE(S)   VALUE   FROM     VALUE DATE(S)
                                          NORMAL
................................................................
TEMPERATURE (F)
RECORD
 HIGH            103   08/07/1918
 LOW              38   08/30/1965
                       08/25/1940
HIGHEST           94   08/08                          93  08/11
                       08/04
LOWEST            51   08/13                          53  08/03
AVG. MAXIMUM    86.5               82.7     3.8     85.1
AVG. MINIMUM    63.6               61.2     2.4     66.1
MEAN            75.1               72.0     3.1     75.6
DAYS MAX >= 90     7                4.0     3.0        6
DAYS MAX <= 32     0                0.0     0.0        0
DAYS MIN <= 32     0                0.0     0.0        0
DAYS MIN <= 0      0                0.0     0.0        0

PRECIPITATION (INCHES)
RECORD
 MAXIMUM        9.65   1912
 MINIMUM        0.53   1930
TOTALS          2.63               4.17   -1.54     3.92
DAILY AVG.      0.08               0.13   -0.05     0.13
DAYS >= .01       11               10.5     0.5       13
DAYS >= .10        7                6.6     0.4        9
DAYS >= .50        2                2.6    -0.6        2
DAYS >= 1.00       0                1.0    -1.0        1
GREATEST
 24 HR. TOTAL   1.08   08/21 TO 08/22               1.34  08/18 TO 08/18

SNOWFALL (INCHES)
RECORDS
 TOTAL           0.0   MM
TOTALS           0.0                0.0     0.0      0.0
SINCE 7/1        0.0                0.0     0.0       MM
SNOWDEPTH AVG.     0                                   0
DAYS >= 1.0        0                0.0     0.0        0
GREATEST
 SNOW DEPTH        0                                   0  MM
 24 HR TOTAL      MM                                  MM

DEGREE DAYS
HEATING TOTAL      0                  6      -6        0
 SINCE 7/1         0                  3      -3       MM
COOLING TOTAL    321                222      99      333
 SINCE 1/1       906                709     197       MM
................................................................

WIND (MPH)
AVERAGE WIND SPEED              4.6
HIGHEST WIND SPEED/DIRECTION    37/230    DATE  08/04
HIGHEST GUST SPEED/DIRECTION    48/260    DATE  08/04

SKY COVER
POSSIBLE SUNSHINE (PERCENT)   MM
AVERAGE SKY COVER           0.40
NUMBER OF DAYS FAIR           12
NUMBER OF DAYS PC             18
NUMBER OF DAYS CLOUDY          1


WEATHER CONDITIONS. NUMBER OF DAYS WITH
THUNDERSTORM             10     MIXED PRECIP               0
HEAVY RAIN                6     RAIN                       5
LIGHT RAIN               14     FREEZING RAIN              0
LT FREEZING RAIN          0     HAIL                       0
HEAVY SNOW                0     SNOW                       0
LIGHT SNOW                0     SLEET                      0
FOG                      14     FOG W/VIS <= 1/4 MILE      1
HAZE                      2

-  INDICATES NEGATIVE NUMBERS.
R  INDICATES RECORD WAS SET OR TIED.
MM INDICATES DATA IS MISSING.
T  INDICATES TRACE AMOUNT.

$$
