000
CXUS53 KEAX 010639 RRA
CLMIRK

STLCLMWK2 000
TTAA00 EAX 010636

CLIMATE REPORT
NATIONAL WEATHER SERVICE KANSAS CITY/PLEASANT HILL MO
136 AM CDT SAT OCT 01 2022

...................................

...THE KIRKSVILLE MO CLIMATE SUMMARY FOR THE MONTH OF SEPTEMBER 2022...

CLIMATE NORMAL PERIOD: 1991 TO 2020
CLIMATE RECORD PERIOD: 9999 TO 9999

WEATHER         OBSERVED          NORMAL  DEPART   LAST YEAR`S
                VALUE   DATE(S)   VALUE   FROM     VALUE DATE(S)
                                          NORMAL
................................................................
TEMPERATURE (F)
HIGHEST           96   09/20         89       7       90  09/20
LOWEST            34   09/28         37      -3       42  09/23
AVG. MAXIMUM    79.9               77.1     2.8     82.9
AVG. MINIMUM    53.0               53.9    -0.9     57.6
MEAN            66.5               65.5     1.0     70.2
DAYS MAX >= 90     1                2.8    -1.8        1
DAYS MAX <= 32     0                0.0     0.0        0
DAYS MIN <= 32     0                0.0     0.0        0
DAYS MIN <= 0      0                0.0     0.0        0

PRECIPITATION (INCHES)
TOTALS          1.19               3.65   -2.46     0.80
DAILY AVG.      0.04               0.12   -0.08     0.03
DAYS >= .01        5                8.3    -3.3        4
DAYS >= .10        3                4.6    -1.6        3
DAYS >= .50        1                2.2    -1.2        0
DAYS >= 1.00       0                1.2    -1.2        0
GREATEST
 24 HR. TOTAL   0.77   09/10 TO 09/11


DEGREE DAYS
HEATING TOTAL     82                 91      -9       19
 SINCE 7/1        82                 99     -17       MM
COOLING TOTAL    135                106      29      182
 SINCE 1/1      1111                990     121       MM
................................................................

WIND (MPH)
AVERAGE WIND SPEED              6.8
HIGHEST WIND SPEED/DIRECTION    29/040    DATE  09/18
HIGHEST GUST SPEED/DIRECTION    40/030    DATE  09/18

SKY COVER
POSSIBLE SUNSHINE (PERCENT)   MM
AVERAGE SKY COVER           0.24
NUMBER OF DAYS FAIR           21
NUMBER OF DAYS PC              6
NUMBER OF DAYS CLOUDY          3

AVERAGE RH (PERCENT)     69

WEATHER CONDITIONS. NUMBER OF DAYS WITH
THUNDERSTORM              0     MIXED PRECIP               0
HEAVY RAIN                2     RAIN                       3
LIGHT RAIN                7     FREEZING RAIN              0
LT FREEZING RAIN          0     HAIL                       0
HEAVY SNOW                0     SNOW                       0
LIGHT SNOW                0     SLEET                      0
FOG                      12     FOG W/VIS <= 1/4 MILE      4
HAZE                      1

-  INDICATES NEGATIVE NUMBERS.
R  INDICATES RECORD WAS SET OR TIED.
MM INDICATES DATA IS MISSING.
T  INDICATES TRACE AMOUNT.

$$
