000
CXUS53 KGLD 010950
CLMITR

CLIMATE REPORT
NATIONAL WEATHER SERVICE
350 AM MDT SAT OCT 01 2022

...................................

...THE BURLINGTON CO CLIMATE SUMMARY FOR THE MONTH OF SEPTEMBER 2022...

CLIMATE NORMAL PERIOD: 1991 TO 2020
CLIMATE RECORD PERIOD: 1896 TO 2022

WEATHER         OBSERVED          NORMAL  DEPART   LAST YEAR`S
                VALUE   DATE(S)   VALUE   FROM     VALUE DATE(S)
                                          NORMAL
................................................................
TEMPERATURE (F)
RECORD
 HIGH            102   09/02/1960
 LOW              20   09/30/1985
HIGHEST          101   09/06         95       6      101  09/10
LOWEST            36   09/11         35       1       38  09/22
AVG. MAXIMUM    86.0               79.6     6.4     87.4
AVG. MINIMUM    51.7               50.0     1.7     53.8
MEAN            68.9               64.8     4.1     70.6
DAYS MAX >= 90    13                7.0     6.0       14
DAYS MAX <= 32     0                0.0     0.0        0
DAYS MIN <= 32     0                0.2    -0.2        0
DAYS MIN <= 0      0                0.0     0.0        0

PRECIPITATION (INCHES)
RECORD
 MAXIMUM        5.45   2013
 MINIMUM        0.00   1974
TOTALS          0.60               1.21   -0.61     1.50
DAILY AVG.      0.02               0.04   -0.02     0.05
DAYS >= .01        2                5.6    -3.6        6
DAYS >= .10        1                2.7    -1.7        3
DAYS >= .50        1                0.7     0.3        1
DAYS >= 1.00       0                0.1    -0.1        0
GREATEST
 24 HR. TOTAL   0.53   09/21 TO 09/21               0.90
 STORM TOTAL    0.53
 (MM/DD(HH))


................................................................



-  INDICATES NEGATIVE NUMBERS.
R  INDICATES RECORD WAS SET OR TIED.
MM INDICATES DATA IS MISSING.
T  INDICATES TRACE AMOUNT.

$$
