000
CXUS54 KJAN 012031
CLMJAN

CLIMATE REPORT
NATIONAL WEATHER SERVICE JACKSON MS
331 PM CDT THU SEP 01 2022

...................................

...THE JACKSON CLIMATE SUMMARY FOR THE MONTH OF AUGUST 2022...

CLIMATE NORMAL PERIOD: 1991 TO 2020
CLIMATE RECORD PERIOD: 1896 TO 2022

WEATHER         OBSERVED          NORMAL  DEPART   LAST YEAR`S
                VALUE   DATE(S)   VALUE   FROM     VALUE DATE(S)
                                          NORMAL
................................................................
TEMPERATURE (F)
RECORD
 HIGH            107   08/30/2000
 LOW              54   08/15/2004
                       08/14/2004
                       08/23/1956
HIGHEST           98   08/16         99      -1       96  08/23
                                                          08/24
                                                          08/25
LOWEST            70   08/19         63       7       64  08/05
                       08/24
AVG. MAXIMUM    89.1               92.2    -3.1     91.5
AVG. MINIMUM    72.1               71.5     0.6     72.7
MEAN            80.6               81.8    -1.2     82.1
DAYS MAX >= 90    18               23.0    -5.0       22
DAYS MAX <= 32     0                0.0     0.0        0
DAYS MIN <= 32     0                0.0     0.0        0
DAYS MIN <= 0      0                0.0     0.0        0

PRECIPITATION (INCHES)
RECORD
 MAXIMUM       11.51   2008
 MINIMUM        0.23   1946
TOTALS         12.75               4.69    8.06     6.48
DAILY AVG.      0.41               0.15    0.26     0.21
DAYS >= .01       16               10.6     5.4       10
DAYS >= .10       11                6.4     4.6        6
DAYS >= .50        4                2.7     1.3        3
DAYS >= 1.00       3                1.4     1.6        2
GREATEST
 24 HR. TOTAL   6.78   08/23 TO 08/24               2.58

SNOWFALL (INCHES)
RECORDS
 TOTAL             T   2001
TOTALS           0.0                0.0     0.0      0.0
SINCE 7/1        0.0                0.0     0.0       MM
DAYS >= TRACE      0
DAYS >= 1.0        0                0.0     0.0        0
GREATEST
 24 HR TOTAL      MM

DEGREE DAYS
HEATING TOTAL      0                  0       0        0
 SINCE 7/1         0                  0       0       MM
COOLING TOTAL    489                522     -33      539
 SINCE 1/1      2040               1888     152       MM
................................................................

WIND (MPH)
AVERAGE WIND SPEED              4.3
HIGHEST WIND SPEED/DIRECTION    29/180    DATE  08/06
HIGHEST GUST SPEED/DIRECTION    38/180    DATE  08/06

SKY COVER
POSSIBLE SUNSHINE (PERCENT)   MM
AVERAGE SKY COVER           0.52
NUMBER OF DAYS FAIR            9
NUMBER OF DAYS PC             16
NUMBER OF DAYS CLOUDY          6

AVERAGE RH (PERCENT)     80

WEATHER CONDITIONS. NUMBER OF DAYS WITH
THUNDERSTORM             19     MIXED PRECIP               0
HEAVY RAIN               10     RAIN                      12
LIGHT RAIN               21     FREEZING RAIN              0
LT FREEZING RAIN          0     HAIL                       0
HEAVY SNOW                0     SNOW                       0
LIGHT SNOW                0     SLEET                      0
FOG                      24     FOG W/VIS <= 1/4 MILE      5
HAZE                      2

-  INDICATES NEGATIVE NUMBERS.
R  INDICATES RECORD WAS SET OR TIED.
MM INDICATES DATA IS MISSING.
T  INDICATES TRACE AMOUNT.

$$
