000
CXUS52 KJAX 022134 RRA
CLMJAX

CLIMATE REPORT
NATIONAL WEATHER SERVICE JACKSONVILLE FL
916 AM EDT THU SEP 01 2022

...................................

...THE JACKSONVILLE CLIMATE SUMMARY FOR THE MONTH OF AUGUST 2022...

CLIMATE NORMAL PERIOD: 1991 TO 2020
CLIMATE RECORD PERIOD: 1871 TO 2022

WEATHER         OBSERVED          NORMAL  DEPART   LAST YEAR`S
                VALUE   DATE(S)   VALUE   FROM     VALUE DATE(S)
                                          NORMAL
................................................................
TEMPERATURE (F)
RECORD
 HIGH            102   08/01/1999
 LOW              63   08/09/2002
HIGHEST           96   08/02         96       0       94  08/19
                                                          08/20
LOWEST            64   08/15         68      -4       70  08/30
AVG. MAXIMUM    90.9               90.8     0.1     90.0
AVG. MINIMUM    72.2               73.4    -1.2     73.7
MEAN            81.6               82.1    -0.5     81.9
DAYS MAX >= 90    25               20.0     5.0       21
DAYS MIN <= 32     0                0.0     0.0        0

PRECIPITATION (INCHES)
RECORD
 MAXIMUM       16.83   2008
 MINIMUM        0.76   1930
TOTALS         10.40               6.88    3.52     7.48
DAILY AVG.      0.33               0.22    0.11     0.24
DAYS >= .01       16               15.1     0.9       20
DAYS >= .10       12               10.3     1.7       13
DAYS >= .50        7                3.9     3.1        7
DAYS >= 1.00       6                2.0     4.0        1
GREATEST
 24 HR. TOTAL   2.70   08/17 TO 08/18

SNOWFALL (INCHES)
RECORDS
 TOTAL             T   1954
TOTALS           0.0                0.0     0.0      0.0

DEGREE DAYS
HEATING TOTAL      0                  0       0        0
 SINCE 7/1         0                  0       0       MM
COOLING TOTAL    521                530      -9      532
 SINCE 1/1      2162               2083      79       MM
................................................................

WIND (MPH)
AVERAGE WIND SPEED              4.7
HIGHEST WIND SPEED/DIRECTION    28/060    DATE  08/03
HIGHEST GUST SPEED/DIRECTION    40/230    DATE  08/11

SKY COVER
AVERAGE SKY COVER           0.68

AVERAGE RH (PERCENT)     79

WEATHER CONDITIONS. NUMBER OF DAYS WITH
THUNDERSTORM             24     MIXED PRECIP               0
HEAVY RAIN               10     RAIN                      13
LIGHT RAIN               24     FREEZING RAIN              0
LT FREEZING RAIN          0     HAIL                       0
HEAVY SNOW                0     SNOW                       0
LIGHT SNOW                0     SLEET                      0
FOG                      15     FOG W/VIS <= 1/4 MILE      2
HAZE                      0

-  INDICATES NEGATIVE NUMBERS.
R  INDICATES RECORD WAS SET OR TIED.
MM INDICATES DATA IS MISSING.
T  INDICATES TRACE AMOUNT.

$$
