000
CXUS51 KOKX 020125
CLMJFK

CLIMATE REPORT
NATIONAL WEATHER SERVICE NEW YORK, NY
925 PM EDT SAT OCT 01 2022

...................................

...THE KENNEDY NY CLIMATE SUMMARY FOR THE MONTH OF SEPTEMBER 2022...

CLIMATE NORMAL PERIOD 1991 TO 2020
CLIMATE RECORD PERIOD 1948 TO 2022

WEATHER         OBSERVED          NORMAL  DEPART   LAST YEAR`S
                VALUE   DATE(S)   VALUE   FROM     VALUE DATE(S)
                                          NORMAL
................................................................
TEMPERATURE (F)
RECORD
 HIGH             98   09/10/1983
 LOW              40   09/25/1950
                       09/24/1963
HIGHEST           89   09/01         MM      MM       87  09/13
LOWEST            49   09/24         MM      MM       54  09/29
                                                          09/30
AVG. MAXIMUM    78.0               75.8     2.2     78.0
AVG. MINIMUM    62.7               61.0     1.7     63.5
MEAN            70.3               68.4     1.9     70.7
DAYS MAX >= 90     0                1.0    -1.0        0
DAYS MAX <= 32     0                0.0     0.0        0
DAYS MIN <= 32     0                0.0     0.0        0
DAYS MIN <= 0      0                0.0     0.0        0

PRECIPITATION (INCHES)
RECORD
 MAXIMUM        9.65   1975
 MINIMUM        0.70   1951
TOTALS          1.85               3.58   -1.73     4.55
DAILY AVG.      0.06               0.12   -0.06     0.15
DAYS >= .01        8                8.2    -0.2        8
DAYS >= .10        4                5.7    -1.7        6
DAYS >= .50        1                2.5    -1.5        2
DAYS >= 1.00       0                0.9    -0.9        1
GREATEST
 24 HR. TOTAL   0.87   09/06 TO 09/06               2.77  09/01 TO 09/02
 STORM TOTAL    0.87                                2.56
 (MM/DD(HH))            MM

SNOWFALL (INCHES)
RECORDS
 TOTAL           0.0   0
 24 HR TOTAL     0.0   MM
TOTALS           0.0                0.0     0.0      0.0
 LIQUID EQUIV   0.00               0.00    0.00     0.00
SINCE 7/1        0.0                0.0     0.0
 LIQUID 7/1     0.00               0.00               MM
DAYS >= TRACE      0                0.0     0.0        0
DAYS >= 1.0        0                0.0     0.0        0
GREATEST
 SNOW DEPTH        0                                   0  MM
 24 HR TOTAL      MM                                  MM
 STORM TOTAL     0.0                                 0.0
 (MM/DD(HH))            MM

DEGREE DAYS
HEATING TOTAL     20                 33     -13        6
 SINCE 7/1        20                 32     -12       MM
COOLING TOTAL    188                135      53      187
 SINCE 1/1      1292               1001     291       MM
................................................................

WIND (MPH)
AVERAGE WIND SPEED              10.7
HIGHEST WIND SPEED/DIRECTION    33/290    DATE  09/25
HIGHEST GUST SPEED/DIRECTION    45/290    DATE  09/25

SKY COVER
POSSIBLE SUNSHINE (PERCENT)   MM
AVERAGE SKY COVER           0.55
NUMBER OF DAYS FAIR            7
NUMBER OF DAYS PC             15
NUMBER OF DAYS CLOUDY          8

AVERAGE RH (PERCENT)     63

WEATHER CONDITIONS. NUMBER OF DAYS WITH
THUNDERSTORM              3     MIXED PRECIP               0
HEAVY RAIN                2     RAIN                       3
LIGHT RAIN               11     FREEZING RAIN              0
LT FREEZING RAIN          0     HAIL                       0
HEAVY SNOW                0     SNOW                       0
LIGHT SNOW                0     SLEET                      0
FOG                       7     FOG W/VIS <= 1/4 MILE      0
HAZE                      0

-  INDICATES NEGATIVE NUMBERS.
R  INDICATES RECORD WAS SET OR TIED.
MM INDICATES DATA IS MISSING.
T  INDICATES TRACE AMOUNT.

$$
