000
CXUS53 KJKL 011406
CLMJKL

CLIMATE REPORT
NATIONAL WEATHER SERVICE JACKSON KY
1006 AM EDT THU SEP 01 2022

...................................

...THE JACKSON KY CLIMATE SUMMARY FOR THE MONTH OF AUGUST 2022...

CLIMATE NORMAL PERIOD 1991 TO 2020
CLIMATE RECORD PERIOD 1981 TO 2022

WEATHER         OBSERVED          NORMAL  DEPART   LAST YEAR`S
                VALUE   DATE(S)   VALUE   FROM     VALUE DATE(S)
                                          NORMAL
................................................................
TEMPERATURE (F)
RECORD
 HIGH            101   08/18/1988
                       08/17/1988
 LOW              45   08/08/1989
                       08/29/1986
HIGHEST           90   08/28         92      -2       92  08/25
                       08/29
LOWEST            59   08/13         55       4       63  08/02
                                                          08/03
AVG. MAXIMUM    84.0               84.4    -0.4     84.9
AVG. MINIMUM    66.6               65.3     1.3     68.7
MEAN            75.3               74.9     0.4     76.8
DAYS MAX >= 90     2                4.4    -2.4        7
DAYS MAX <= 32     0                0.0     0.0        0
DAYS MIN <= 32     0                0.0     0.0        0
DAYS MIN <= 0      0                0.0     0.0        0

PRECIPITATION (INCHES)
RECORD
 MAXIMUM       10.04   2013
 MINIMUM        1.16   2008
TOTALS          3.65               4.26   -0.61     8.78
DAILY AVG.      0.12               0.14   -0.02     0.28
DAYS >= .01       11               10.5     0.5       11
DAYS >= .10        9                6.6     2.4        9
DAYS >= .50        2                3.0    -1.0        6
DAYS >= 1.00       1                1.4    -0.4        4
GREATEST
 24 HR. TOTAL   1.20   08/10 TO 08/11               2.92

SNOWFALL (INCHES)
RECORDS
 TOTAL           0.0
TOTALS           0.0                0.0     0.0      0.0
SINCE 7/1        0.0                0.0     0.0      0.0
SNOWDEPTH AVG.     0                                   0
DAYS >= 1.0        0                0.0     0.0        0
GREATEST
 SNOW DEPTH        0                                   0
 24 HR TOTAL       0                                   0

DEGREE DAYS
HEATING TOTAL      0                  1      -1        0
 SINCE 7/1         0                  0       0        0
COOLING TOTAL    325                306      19      372
 SINCE 1/1      1214               1034     180     1122
................................................................

WIND (MPH)
AVERAGE WIND SPEED              1.2
HIGHEST WIND SPEED/DIRECTION    15/320    DATE  08/06
HIGHEST GUST SPEED/DIRECTION    29/300    DATE  08/10

SKY COVER
POSSIBLE SUNSHINE (PERCENT)   MM
AVERAGE SKY COVER           0.29
NUMBER OF DAYS FAIR           19
NUMBER OF DAYS PC             12
NUMBER OF DAYS CLOUDY          0

AVERAGE RH (PERCENT)     77

WEATHER CONDITIONS. NUMBER OF DAYS WITH
THUNDERSTORM             10     MIXED PRECIP               0
HEAVY RAIN                8     RAIN                       7
LIGHT RAIN               13     FREEZING RAIN              0
LT FREEZING RAIN          0     HAIL                       0
HEAVY SNOW                0     SNOW                       0
LIGHT SNOW                0     SLEET                      0
FOG                      23     FOG W/VIS <= 1/4 MILE     10
HAZE                      0

-  INDICATES NEGATIVE NUMBERS.
R  INDICATES RECORD WAS SET OR TIED.
MM INDICATES DATA IS MISSING.
T  INDICATES TRACE AMOUNT.

$$

CARICO
