000
CXUS53 KSGF 010627
CLMJLN

CLIMATE REPORT
NATIONAL WEATHER SERVICE
127 AM CDT SAT OCT 01 2022

...................................

...THE JOPLIN MO CLIMATE SUMMARY FOR THE MONTH OF SEPTEMBER 2022...

CLIMATE NORMAL PERIOD: 1991 TO 2020
CLIMATE RECORD PERIOD: 1902 TO 2022

WEATHER         OBSERVED          NORMAL  DEPART   LAST YEAR`S
                VALUE   DATE(S)   VALUE   FROM     VALUE
                                          NORMAL
..............................................................
TEMPERATURE (F)
RECORD
 HIGH            105   09/02/2000
 LOW              30   09/30/1984
HIGHEST           99   09/21         81      18       95
LOWEST            42   09/30         60     -18       45
AVG. MAXIMUM    86.5               82.0     4.5     87.4
AVG. MINIMUM    60.7               59.4     1.3
MEAN            73.6               70.7     2.9
DAYS MAX >= 90     7                6.0     1.0
DAYS MAX <= 32     0                0.0     0.0
DAYS MIN <= 32     0                0.0     0.0
DAYS MIN <= 0      0                0.0     0.0

PRECIPITATION (INCHES)
RECORD
 MAXIMUM       19.08   1986
 MINIMUM        0.37   1956
TOTALS          0.41               4.18   -3.77     3.08
DAILY AVG.      0.01               0.14   -0.13
DAYS >= .01        5                7.6    -2.6
DAYS >= .10        1                5.2    -4.2
DAYS >= .50        0                2.5    -2.5
DAYS >= 1.00       0                1.5    -1.5
GREATEST
 24 HR. TOTAL   0.25   09/01 TO 09/02               1.77


DEGREE DAYS
HEATING TOTAL      8                 36     -28        7
 SINCE 7/1         8                 35     -27       MM
COOLING TOTAL    276                207      69      326
 SINCE 1/1      2048               1596     452       MM

FREEZE DATES
RECORD
 EARLIEST     05/03/1976
 LATEST       09/24/1989
EARLIEST                        MM
LATEST                          04/14
..............................................................

WIND (MPH)
AVERAGE WIND SPEED              7.3
RESULTANT WIND SPEED/DIRECTION   3/150
HIGHEST WIND SPEED/DIRECTION    74/160    DATE  09/15
HIGHEST GUST SPEED/DIRECTION    74/160    DATE  09/15

SKY COVER
POSSIBLE SUNSHINE (PERCENT)   MM
AVERAGE SKY COVER           0.20
NUMBER OF DAYS FAIR           24
NUMBER OF DAYS PC              6
NUMBER OF DAYS CLOUDY          0

AVERAGE RH (PERCENT)     61

WEATHER CONDITIONS. NUMBER OF DAYS WITH
THUNDERSTORM              2     MIXED PRECIP               0
HEAVY RAIN                0     RAIN                       0
LIGHT RAIN                6     FREEZING RAIN              0
LT FREEZING RAIN          0     HAIL                       0
HEAVY SNOW                0     SNOW                       0
LIGHT SNOW                0     SLEET                      0
FOG                       9     FOG W/VIS <= 1/4 MILE      3
HAZE                      3

-  INDICATES NEGATIVE NUMBERS.
R  INDICATES RECORD WAS SET OR TIED.
MM INDICATES DATA IS MISSING.
T  INDICATES TRACE AMOUNT.

$$
