000
CXUS51 KCTP 010634
CLMJST

CLIMATE REPORT
NATIONAL WEATHER SERVICE STATE COLLEGE PA
234 AM EDT THU SEP 01 2022

...................................

...THE JOHNSTOWN CLIMATE SUMMARY FOR THE MONTH OF AUGUST 2022...

CLIMATE NORMAL PERIOD 1991 TO 2020
CLIMATE RECORD PERIOD 1892 TO 2022

WEATHER         OBSERVED          NORMAL  DEPART   LAST YEAR`S
                VALUE   DATE(S)   VALUE   FROM     VALUE DATE(S)
                                          NORMAL
................................................................
TEMPERATURE (F)
RECORD
 HIGH            103   08/07/1918
                       08/06/1918
 LOW              32   08/31/1894
HIGHEST           87   08/29                          88  08/12
LOWEST            51   08/13                          53  08/03
AVG. MAXIMUM    77.6               77.1     0.5     80.0
AVG. MINIMUM    61.7               60.0     1.7     64.2
MEAN            69.6               68.6     1.0     72.1
DAYS MAX >= 90     0                0.1    -0.1        0
DAYS MAX <= 32     0                0.0     0.0        0
DAYS MIN <= 32     0                0.0     0.0        0
DAYS MIN <= 0      0                0.0     0.0        0

PRECIPITATION (INCHES)
RECORD
 MAXIMUM       10.14   1975
 MINIMUM        0.89   1894
TOTALS          4.63               3.95    0.68     6.89
DAILY AVG.      0.15               0.13    0.02     0.22
DAYS >= .01       16               13.5     2.5       15
DAYS >= .10       11                7.9     3.1       13
DAYS >= .50        3                3.0     0.0        3
DAYS >= 1.00       1                0.9     0.1        2
GREATEST
 24 HR. TOTAL   1.05   08/21 TO 08/22               2.01  08/18 TO 08/18


DEGREE DAYS
HEATING TOTAL      8                 24     -16        2
 SINCE 7/1         8                 37     -29       MM
COOLING TOTAL    159                134      25      231
 SINCE 1/1       502                428      74       MM
................................................................

WIND (MPH)
AVERAGE WIND SPEED              6.2
HIGHEST WIND SPEED/DIRECTION    25/300    DATE  08/04
HIGHEST GUST SPEED/DIRECTION    31/250    DATE  08/09

SKY COVER
POSSIBLE SUNSHINE (PERCENT)   MM
AVERAGE SKY COVER           0.50
NUMBER OF DAYS FAIR           12
NUMBER OF DAYS PC             10
NUMBER OF DAYS CLOUDY          9

AVERAGE RH (PERCENT)     75

WEATHER CONDITIONS. NUMBER OF DAYS WITH
THUNDERSTORM             10     MIXED PRECIP               0
HEAVY RAIN                9     RAIN                      10
LIGHT RAIN               20     FREEZING RAIN              0
LT FREEZING RAIN          0     HAIL                       0
HEAVY SNOW                0     SLEET                      0
FOG                      20     FOG W/VIS <= 1/4 MILE      6
HAZE                      1

-  INDICATES NEGATIVE NUMBERS.
R  INDICATES RECORD WAS SET OR TIED.
MM INDICATES DATA IS MISSING.
T  INDICATES TRACE AMOUNT.

$$
