000
CXUS53 KGRR 011429
CLMJXN

CLIMATE REPORT
NATIONAL WEATHER SERVICE GRAND RAPIDS, MICHIGAN
1029 AM EDT THU SEP 01 2022

...................................

...THE JACKSON CLIMATE SUMMARY FOR THE MONTH OF AUGUST 2022...

CLIMATE NORMAL PERIOD: 1991 TO 2020
CLIMATE RECORD PERIOD: 1944 TO 2022

WEATHER         OBSERVED          NORMAL  DEPART   LAST YEAR`S
                VALUE   DATE(S)   VALUE   FROM     VALUE DATE(S)
                                          NORMAL
................................................................
TEMPERATURE (F)
HIGHEST           93   08/03         MM      MM       91  08/24
                                                          08/28
LOWEST            47   08/12         MM      MM       48  08/02
AVG. MAXIMUM    81.2               80.4     0.8     84.4
AVG. MINIMUM    59.1               59.4    -0.3     62.7
MEAN            70.1               69.9     0.2     73.6
DAYS MAX >= 90     2                1.4     0.6        3
DAYS MAX <= 32     0                0.0     0.0        0
DAYS MIN <= 32     0                0.0     0.0        0
DAYS MIN <= 0      0                0.0     0.0        0

PRECIPITATION (INCHES)
TOTALS          4.31               3.81    0.50     5.59
DAILY AVG.      0.14               0.12    0.02     0.18
DAYS >= .01        9                9.9    -0.9       11
DAYS >= .10        6                6.5    -0.5        9
DAYS >= .50        4                2.5     1.5        3
DAYS >= 1.00       1                1.0     0.0        1
GREATEST
 24 HR. TOTAL   1.72   08/03 TO 08/04


DEGREE DAYS
HEATING TOTAL     10                 18      -8        2
 SINCE 7/1        10                 23     -13       MM
COOLING TOTAL    177                170       7      274
 SINCE 1/1       600                564      36       MM
................................................................

WIND (MPH)
AVERAGE WIND SPEED              5.5
RESULTANT WIND SPEED/DIRECTION   2/210
HIGHEST WIND SPEED/DIRECTION    32/270    DATE  08/29
HIGHEST GUST SPEED/DIRECTION    54/260    DATE  08/29

SKY COVER
POSSIBLE SUNSHINE (PERCENT)   MM
AVERAGE SKY COVER           0.36
NUMBER OF DAYS FAIR           16
NUMBER OF DAYS PC             13
NUMBER OF DAYS CLOUDY          2

AVERAGE RH (PERCENT)     73

WEATHER CONDITIONS. NUMBER OF DAYS WITH
THUNDERSTORM              6     MIXED PRECIP               0
HEAVY RAIN                5     RAIN                       6
LIGHT RAIN                8     FREEZING RAIN              0
LT FREEZING RAIN          0     HAIL                       0
HEAVY SNOW                0     SNOW                       0
LIGHT SNOW                0     SLEET                      0
FOG                      22     FOG W/VIS <= 1/4 MILE      6
HAZE                      3

-  INDICATES NEGATIVE NUMBERS.
R  INDICATES RECORD WAS SET OR TIED.
MM INDICATES DATA IS MISSING.
T  INDICATES TRACE AMOUNT.

$$
