000
CXUS53 KIND 011517
CLMLAF

CLIMATE REPORT
NATIONAL WEATHER SERVICE INDIANAPOLIS IN
1117 AM EDT SAT OCT 01 2022

...................................

...THE LAFAYETTE IN CLIMATE SUMMARY FOR THE MONTH OF SEPTEMBER 2022...

CLIMATE NORMAL PERIOD 1991 TO 2020
CLIMATE RECORD PERIOD 9999 TO 9999

WEATHER         OBSERVED          NORMAL  DEPART   LAST YEAR`S
                VALUE   DATE(S)   VALUE   FROM     VALUE DATE(S)
                                          NORMAL
................................................................
TEMPERATURE (F)
HIGHEST           91   09/20                          91  09/14
                       09/21
                                                          09/18
                                                          09/19
LOWEST            37R  09/29                          42  09/24
AVG. MAXIMUM    77.3               77.2     0.1     81.4
AVG. MINIMUM    54.8               53.9     0.9     57.8
MEAN            66.1               65.5     0.6     69.6
DAYS MAX >= 90     2                2.6    -0.6        5
DAYS MAX <= 32     0                0.0     0.0        0
DAYS MIN <= 32     0                0.1    -0.1        0
DAYS MIN <= 0      0                0.0     0.0        0

PRECIPITATION (INCHES)
TOTALS          1.11R              2.59   -1.48     2.75
DAILY AVG.      0.04               0.09   -0.05     0.09
DAYS >= .01        5                9.4    -4.4        8
DAYS >= .10        3                4.8    -1.8        7
DAYS >= .50        1                1.8    -0.8        2
DAYS >= 1.00       0                0.6    -0.6        0
GREATEST
 24 HR. TOTAL   0.87   09/10 TO 09/11


DEGREE DAYS
HEATING TOTAL     91                 83       8       29
 SINCE 7/1        91                 94      -3       MM
COOLING TOTAL    129                100      29      171
 SINCE 1/1      1103                867     236       MM
................................................................

WIND (MPH)
AVERAGE WIND SPEED              5.0
HIGHEST WIND SPEED/DIRECTION    25/290    DATE  09/26
HIGHEST GUST SPEED/DIRECTION    35/280    DATE  09/26

SKY COVER
AVERAGE SKY COVER           0.32

AVERAGE RH (PERCENT)     73

WEATHER CONDITIONS. NUMBER OF DAYS WITH
THUNDERSTORM              2     MIXED PRECIP               0
HEAVY RAIN                3     RAIN                       5
LIGHT RAIN                8     FREEZING RAIN              0
LT FREEZING RAIN          0     HAIL                       0
HEAVY SNOW                0     SNOW                       0
LIGHT SNOW                0     SLEET                      0
FOG                      18     FOG W/VIS <= 1/4 MILE      6
HAZE                      2

-  INDICATES NEGATIVE NUMBERS.
R  INDICATES RECORD WAS SET OR TIED.
MM INDICATES DATA IS MISSING.
T  INDICATES TRACE AMOUNT.

$$
