000
CXUS53 KGRR 011254
CLMLAN

CLIMATE REPORT
NATIONAL WEATHER SERVICE GRAND RAPIDS, MICHIGAN
854 AM EDT SAT OCT 01 2022

...................................

...THE LANSING CLIMATE SUMMARY FOR THE MONTH OF SEPTEMBER 2022...

CLIMATE NORMAL PERIOD: 1991 TO 2020
CLIMATE RECORD PERIOD: 1864 TO 2022

WEATHER         OBSERVED          NORMAL  DEPART   LAST YEAR`S
                VALUE   DATE(S)   VALUE   FROM     VALUE DATE(S)
                                          NORMAL
................................................................
TEMPERATURE (F)
RECORD
 HIGH             99   09/02/1894
 LOW              19   09/21/1863
HIGHEST           87   09/03         88      -1       88  09/14
LOWEST            38   09/30         33       5       46  09/24
AVG. MAXIMUM    73.6               73.6     0.0     76.2
AVG. MINIMUM    54.8               51.5     3.3     54.9
MEAN            64.2               62.5     1.7     65.6
DAYS MAX >= 90     0                0.6    -0.6        0
DAYS MAX <= 32     0                0.0     0.0        0
DAYS MIN <= 32     0                0.5    -0.5        0
DAYS MIN <= 0      0                0.0     0.0        0

PRECIPITATION (INCHES)
RECORD
 MAXIMUM        8.34   1986
 MINIMUM        0.00   1979
TOTALS          2.17               2.81   -0.64     3.51
DAILY AVG.      0.07               0.09   -0.02     0.12
DAYS >= .01        9               10.1    -1.1        8
DAYS >= .10        6                5.3     0.7        6
DAYS >= .50        2                1.6     0.4        3
DAYS >= 1.00       0                0.6    -0.6        0
GREATEST
 24 HR. TOTAL   1.05   09/20 TO 09/21

SNOWFALL (INCHES)
RECORDS
 TOTAL             T   1994
 SNOW DEPTH        T   MM
TOTALS           0.0                0.0     0.0      0.0
SINCE 7/1        0.0                0.0     0.0       MM
SNOWDEPTH AVG.     0                                   0
DAYS >= TRACE      0                0.0     0.0        0
DAYS >= 1.0        0                0.0     0.0        0
GREATEST
 SNOW DEPTH        0                                   0  MM

DEGREE DAYS
HEATING TOTAL    108                140     -32       55
 SINCE 7/1       112                170     -58       MM
COOLING TOTAL     92                 66      26       77
 SINCE 1/1       915                649     266       MM

FREEZE DATES
RECORD
 EARLIEST     08/03/1894
 LATEST       07/15/1863
EARLIEST                        MM
LATEST                          04/28
................................................................

WIND (MPH)
AVERAGE WIND SPEED              6.2
RESULTANT WIND SPEED/DIRECTION   2/260
HIGHEST WIND SPEED/DIRECTION    26/330    DATE  09/20
HIGHEST GUST SPEED/DIRECTION    39/320    DATE  09/20

SKY COVER
POSSIBLE SUNSHINE (PERCENT)   MM
AVERAGE SKY COVER           0.42
NUMBER OF DAYS FAIR           15
NUMBER OF DAYS PC              5
NUMBER OF DAYS CLOUDY         10

AVERAGE RH (PERCENT)     73

WEATHER CONDITIONS. NUMBER OF DAYS WITH
THUNDERSTORM              4     MIXED PRECIP               0
HEAVY RAIN                5     RAIN                       5
LIGHT RAIN                8     FREEZING RAIN              0
LT FREEZING RAIN          0     HAIL                       0
HEAVY SNOW                0     SNOW                       0
LIGHT SNOW                0     SLEET                      0
FOG                      17     FOG W/VIS <= 1/4 MILE      0
HAZE                      3

-  INDICATES NEGATIVE NUMBERS.
R  INDICATES RECORD WAS SET OR TIED.
MM INDICATES DATA IS MISSING.
T  INDICATES TRACE AMOUNT.

$$
