000
CXUS55 KCYS 011527
CLMLAR

CLIMATE REPORT
NATIONAL WEATHER SERVICE CHEYENNE WY
927 AM MDT THU SEP 01 2022

...................................

...THE LARAMIE WYOMING AIRPORT CLIMATE SUMMARY FOR THE MONTH OF AUGUST 2022...

CLIMATE NORMAL PERIOD 1991 TO 2020
CLIMATE RECORD PERIOD 1948 TO 2022

WEATHER         OBSERVED          NORMAL  DEPART   LAST YEAR`S
                VALUE   DATE(S)   VALUE   FROM     VALUE DATE(S)
                                          NORMAL
................................................................
TEMPERATURE (F)
RECORD
 HIGH             94   08/05/1979
 LOW              28   08/19/1978
HIGHEST           90   08/05         MM      MM       87
                       08/11
LOWEST            43   08/22         MM      MM       40
AVG. MAXIMUM    81.9               79.0     2.9     80.4
AVG. MINIMUM    49.9               46.5     3.4     46.4
MEAN            65.9               62.8     3.1     63.4
DAYS MAX >= 90     2                0.1     1.9        0
DAYS MAX <= 32     0                0.0     0.0        0
DAYS MIN <= 32     0                0.1    -0.1        0
DAYS MIN <= 0      0                0.0     0.0        0

PRECIPITATION (INCHES)
RECORD
 MAXIMUM        3.58   1958
TOTALS          1.69               1.14    0.55     0.70
DAYS >= .01        7                9.4    -2.4        6
DAYS >= .10        6                3.8     2.2        4
DAYS >= .50        1                0.2     0.8        0
DAYS >= 1.00       0                0.1    -0.1        0
GREATEST
 24 HR. TOTAL   0.62   08/24 TO 08/24               0.21  08/15 TO 08/15


DEGREE DAYS
HEATING TOTAL     28                 94     -66       63
 SINCE 7/1        41                149    -108       MM
COOLING TOTAL     64                 24      40       19
 SINCE 1/1       189                 83     106       MM
................................................................

WIND (MPH)
AVERAGE WIND SPEED              9.0
HIGHEST WIND SPEED/DIRECTION    45/280    DATE  08/27
HIGHEST GUST SPEED/DIRECTION    57/270    DATE  08/27

SKY COVER
POSSIBLE SUNSHINE (PERCENT)   MM
AVERAGE SKY COVER           0.18
NUMBER OF DAYS FAIR           27
NUMBER OF DAYS PC              4
NUMBER OF DAYS CLOUDY          0

AVERAGE RH (PERCENT)     52

WEATHER CONDITIONS. NUMBER OF DAYS WITH
THUNDERSTORM              9     MIXED PRECIP               0
HEAVY RAIN                5     RAIN                       0
LIGHT RAIN                9     FREEZING RAIN              0
LT FREEZING RAIN          0     HAIL                       0
HEAVY SNOW                0     SNOW                       0
LIGHT SNOW                0     SLEET                      0
FOG                       4     FOG W/VIS <= 1/4 MILE      2
HAZE                      0

-  INDICATES NEGATIVE NUMBERS.
R  INDICATES RECORD WAS SET OR TIED.
MM INDICATES DATA IS MISSING.
T  INDICATES TRACE AMOUNT.

$$
