000
CXUS55 KVEF 082124
CLMLAS

CLIMATE REPORT
NATIONAL WEATHER SERVICE LAS VEGAS, NV
224 PM PDT THU SEP 08 2022

...................................

...THE LAS VEGAS NV CLIMATE SUMMARY FOR THE MONTH OF JUNE 2022...

CLIMATE NORMAL PERIOD: 1991 TO 2020
CLIMATE RECORD PERIOD: 1937 TO 2022

WEATHER         OBSERVED          NORMAL  DEPART   LAST YEAR`S
                VALUE   DATE(S)   VALUE   FROM     VALUE DATE(S)
                                          NORMAL
................................................................
TEMPERATURE (F)
RECORD
 HIGH            117   06/20/2017
                       06/30/2013
 LOW              48   06/06/1993
                       06/06/1939
HIGHEST          109   06/10         MM      MM      116  06/16
                       06/11
LOWEST            66   06/19         MM      MM       65  06/10
AVG. MAXIMUM   100.7               99.4     1.3    104.2
AVG. MINIMUM    77.7               75.8     1.9     80.5
MEAN            89.2               87.6     1.6     92.4
DAYS MAX >= 90    29               26.9     2.1       29
DAYS MAX <= 32     0                0.0     0.0        0
DAYS MIN <= 32     0                0.0     0.0        0
DAYS MIN <= 0      0                0.0     0.0        0

PRECIPITATION (INCHES)
RECORD
 MAXIMUM        0.97   1990
 MINIMUM        0.00   2020
TOTALS             T               0.04   -0.04     0.02
DAILY AVG.      0.00               0.00   -0.00     0.00
DAYS >= .01        0                0.4    -0.4        2
DAYS >= .10        0                0.1    -0.1        0
DAYS >= .50        0                0.0     0.0        0
DAYS >= 1.00       0                0.0     0.0        0
GREATEST
 24 HR. TOTAL      T   06/22 TO 06/22
                       06/28 TO 06/28

SNOWFALL (INCHES)
RECORDS
 TOTAL           0.0   2002
 24 HR TOTAL      MM
TOTALS           0.0                0.0     0.0      0.0
SINCE 7/1        0.0
SNOWDEPTH AVG.     0
DAYS >= TRACE      0
DAYS >= 1.0        0
GREATEST
 SNOW DEPTH        0
 24 HR TOTAL     0.0
 STORM TOTAL     0.0

DEGREE DAYS
HEATING TOTAL      0                  1      -1        0
 SINCE 7/1      1590               1833    -243       MM
COOLING TOTAL    734                679      55      828
 SINCE 1/1      1371               1242     129       MM

FREEZE DATES
RECORD
 EARLIEST     10/21/1949
 LATEST       04/12/1967
EARLIEST                        MM
LATEST                          02/03
................................................................

WIND (MPH)
AVERAGE WIND SPEED              8.8
HIGHEST WIND SPEED/DIRECTION    33/230    DATE  06/13
HIGHEST GUST SPEED/DIRECTION    51/270    DATE  06/29

SKY COVER
POSSIBLE SUNSHINE (PERCENT)   MM
AVERAGE SKY COVER           0.47
NUMBER OF DAYS FAIR           19
NUMBER OF DAYS PC             11
NUMBER OF DAYS CLOUDY          0

AVERAGE RH (PERCENT)     MM

WEATHER CONDITIONS. NUMBER OF DAYS WITH
THUNDERSTORM              3     MIXED PRECIP               0
HEAVY RAIN                0     RAIN                       0
LIGHT RAIN                2     FREEZING RAIN              0
LT FREEZING RAIN          0     HAIL                       0
HEAVY SNOW                0     SNOW                       0
LIGHT SNOW                0     SLEET                      0
FOG                       7     FOG W/VIS <= 1/4 MILE      7
HAZE                      2

-  INDICATES NEGATIVE NUMBERS.
R  INDICATES RECORD WAS SET OR TIED.
MM INDICATES DATA IS MISSING.
T  INDICATES TRACE AMOUNT.

$$
