000
CXUS54 KOUN 020359
CLMLAW

CLIMATE REPORT
NATIONAL WEATHER SERVICE NORMAN OK
1059 PM CDT SAT OCT 01 2022

...................................

...THE LAWTON CLIMATE SUMMARY FOR THE MONTH OF SEPTEMBER 2022...

CLIMATE NORMAL PERIOD 1991 TO 2020
CLIMATE RECORD PERIOD 1912 TO 2022

WEATHER         OBSERVED          NORMAL  DEPART   LAST YEAR`S
                VALUE   DATE(S)   VALUE   FROM     VALUE
                                          NORMAL
..............................................................
TEMPERATURE (F)
RECORD
 HIGH            110   09/04/2000
                       09/02/1939
                       09/01/1939
 LOW              35   09/30/1984
                       09/26/1912
HIGHEST          100                100       0      101
LOWEST            50                 47       3       46
AVG. MAXIMUM    93.5               87.6     5.9
AVG. MINIMUM    62.4               62.6    -0.2     61.6
MEAN            77.9               75.1     2.8     77.3
DAYS MAX >= 90    24               14.6     9.4       24
DAYS MAX <= 32     0                0.0     0.0        0
DAYS MIN <= 32     0                0.0     0.0        0
DAYS MIN <= 0      0                0.0     0.0        0

PRECIPITATION (INCHES)
RECORD
 MAXIMUM        9.08   1945
 MINIMUM        0.00   1939
TOTALS          0.05               2.80   -2.75
DAILY AVG.      0.00               0.09   -0.09     0.06
DAYS >= .01        2                5.4    -3.4        4
DAYS >= .10        0                3.2    -3.2        2
DAYS >= .50        0                1.4    -1.4        1
DAYS >= 1.00       0                0.7    -0.7        1
GREATEST
 24 HR. TOTAL   0.04   09/01 TO 09/01

DEGREE DAYS
HEATING TOTAL      0                 11     -11        0
 SINCE 7/1         0                  7      -7       MM
COOLING TOTAL    397                314      83      377
 SINCE 1/1      2741               2230     511       MM
..............................................................

WIND (MPH)
AVERAGE WIND SPEED              7.8
HIGHEST WIND SPEED/DIRECTION    31/360    DATE  09/10
HIGHEST GUST SPEED/DIRECTION    38/010    DATE  09/10


WEATHER CONDITIONS. NUMBER OF DAYS WITH
THUNDERSTORM              1     MIXED PRECIP               0
HEAVY RAIN                0     RAIN                       0
LIGHT RAIN                2     FREEZING RAIN              0
LT FREEZING RAIN          0     HAIL                       0
HEAVY SNOW                0     SNOW                       0
LIGHT SNOW                0     SLEET                      0
FOG                       1     FOG W/VIS <= 1/4 MILE      0
HAZE                      2

-  INDICATES NEGATIVE NUMBERS.
R  INDICATES RECORD WAS SET OR TIED.
MM INDICATES DATA IS MISSING.
T  INDICATES TRACE AMOUNT.

.............................................................
RECORDS/REMARKS

5TH DRIEST SEPTEMBER ON RECORD.
JANUARY - SEPTEMBER 2022 PRECIPITATION TOTAL IS 17.43 INCHES.

$$
