000
CXUS53 KLBF 010718
CLMLBF

CLIMATE REPORT
NATIONAL WEATHER SERVICE NORTH PLATTE NE
218 AM CDT THU SEP 01 2022

...................................

...THE NORTH PLATTE  CLIMATE SUMMARY FOR THE MONTH OF AUGUST 2022...

CLIMATE NORMAL PERIOD 1991 TO 2020
CLIMATE RECORD PERIOD 1874 TO 2022

WEATHER         OBSERVED          NORMAL  DEPART   LAST YEAR`S
                VALUE   DATE(S)   VALUE   FROM     VALUE DATE(S)
                                          NORMAL
................................................................
TEMPERATURE (F)
RECORD
 HIGH            108   08/02/2008
                       08/11/1936
                       04/09/21944
 LOW              35   08/28/1976
HIGHEST          104   08/02         98       6      101  08/06
LOWEST            49   08/08         46       3       52  08/21
AVG. MAXIMUM    92.9               87.2     5.7     91.2
AVG. MINIMUM    60.5               58.8     1.7     60.9
MEAN            76.7               73.0     3.7     76.0
DAYS MAX >= 90    24               10.7    13.3       21
DAYS MAX <= 32     0                0.0     0.0        0
DAYS MIN <= 32     0                0.0     0.0        0
DAYS MIN <= 0      0                0.0     0.0        0

PRECIPITATION (INCHES)
RECORD
 MAXIMUM        7.16   MM
 MINIMUM        0.06   1967
TOTALS          0.96               2.56   -1.60     3.31
DAILY AVG.      0.03               0.08   -0.05     0.11
DAYS >= .01        6                8.9    -2.9        7
DAYS >= .10        1                4.6    -3.6        5
DAYS >= .50        1                1.8    -0.8        2
DAYS >= 1.00       0                0.7    -0.7        2
GREATEST
 24 HR. TOTAL   0.79   08/14 TO 08/15               2.68  08/19 TO 08/20

SNOWFALL (INCHES)
RECORDS
 TOTAL             T   2021
TOTALS           0.0                0.0     0.0        T
SINCE 7/1        0.0                0.0     0.0       MM
SNOWDEPTH AVG.     0                                   0
DAYS >= 1.0        0                0.0     0.0        0
GREATEST
 SNOW DEPTH        0                                   0  MM
 24 HR TOTAL      MM

DEGREE DAYS
HEATING TOTAL      0                 11     -11        0
 SINCE 7/1         0                 10     -10       MM
COOLING TOTAL    368                259     109      351
 SINCE 1/1      1162                803     359       MM
................................................................

WIND (MPH)
AVERAGE WIND SPEED              7.2
HIGHEST WIND SPEED/DIRECTION    26/050    DATE  08/29
                                26/310          08/31
HIGHEST GUST SPEED/DIRECTION    46/330    DATE  08/31

SKY COVER
POSSIBLE SUNSHINE (PERCENT)   MM
AVERAGE SKY COVER           0.14
NUMBER OF DAYS FAIR           26
NUMBER OF DAYS PC              4
NUMBER OF DAYS CLOUDY          1

AVERAGE RH (PERCENT)     57

WEATHER CONDITIONS. NUMBER OF DAYS WITH
THUNDERSTORM              3     MIXED PRECIP               0
HEAVY RAIN                2     RAIN                       0
LIGHT RAIN                7     FREEZING RAIN              0
LT FREEZING RAIN          0     HAIL                       0
HEAVY SNOW                0     SNOW                       0
LIGHT SNOW                0     SLEET                      0
FOG                       4     FOG W/VIS <= 1/4 MILE      0
HAZE                      1

-  INDICATES NEGATIVE NUMBERS.
R  INDICATES RECORD WAS SET OR TIED.
MM INDICATES DATA IS MISSING.
T  INDICATES TRACE AMOUNT.

$$
