000
CXUS52 KILM 011940
CLMLBT

CLIMATE REPORT
NATIONAL WEATHER SERVICE WILMINGTON NC
340 PM EDT SAT OCT 01 2022

...................................

...THE LUMBERTON NORTH CAROLINA CLIMATE SUMMARY FOR THE MONTH OF SEPTEMBER 2022...

CLIMATE NORMAL PERIOD 1991 TO 2020
CLIMATE RECORD PERIOD 1903 TO 2022

WEATHER         OBSERVED          NORMAL  DEPART   LAST YEAR`S
                VALUE   DATE(S)   VALUE   FROM     VALUE DATE(S)
                                          NORMAL
................................................................
TEMPERATURE (F)
RECORD
 HIGH            104   09/04/1925
 LOW              35   09/23/1983
HIGHEST           96   09/22         MM      MM       92
LOWEST            44   09/24         MM      MM       51
AVG. MAXIMUM    86.7               84.2     2.5     86.0
AVG. MINIMUM    63.6               64.8    -1.2     63.4
MEAN            75.2               74.5     0.7     74.7
DAYS MAX >= 90    13                7.2     5.8        5
DAYS MAX <= 32     0                0.0     0.0        0
DAYS MIN <= 32     0                0.0     0.0        0
DAYS MIN <= 0      0                0.0     0.0        0

PRECIPITATION (INCHES)
RECORD
 MAXIMUM       19.00   2018
 MINIMUM        0.26   1985
TOTALS          5.45               4.93    0.52
DAILY AVG.      0.18               0.16    0.02
DAYS >= .01        7               10.3    -3.3
DAYS >= .10        5                6.1    -1.1
DAYS >= .50        2                2.7    -0.7
DAYS >= 1.00       2                1.2     0.8
GREATEST
 24 HR. TOTAL   3.47   09/29 TO 09/30               1.12  09/21 TO 09/21
 STORM TOTAL    3.45
 (MM/DD(HH))


DEGREE DAYS
HEATING TOTAL      6                  7      -1        0
 SINCE 7/1         6                  5       1
COOLING TOTAL    317                292      25      297
 SINCE 1/1      2248               1985     263

FREEZE DATES
RECORD
 EARLIEST     10/03/1981
 LATEST       05/10/1980
EARLIEST                        MM
LATEST                          03/28
................................................................

WIND (MPH)
AVERAGE WIND SPEED              5.6
RESULTANT WIND SPEED/DIRECTION   2/040
HIGHEST WIND SPEED/DIRECTION    41/030    DATE  09/30
HIGHEST GUST SPEED/DIRECTION    56/040    DATE  09/30

SKY COVER
AVERAGE SKY COVER           0.24

AVERAGE RH (PERCENT)     71

WEATHER CONDITIONS. NUMBER OF DAYS WITH
THUNDERSTORM             MM     MIXED PRECIP              MM
HEAVY RAIN                5     RAIN                       6
LIGHT RAIN                7     FREEZING RAIN              0
LT FREEZING RAIN          0     HAIL                      MM
HEAVY SNOW                0     SNOW                       0
LIGHT SNOW                0     SLEET                     MM
FOG                      17     FOG W/VIS <= 1/4 MILE      2
HAZE                      2

-  INDICATES NEGATIVE NUMBERS.
R  INDICATES RECORD WAS SET OR TIED.
MM INDICATES DATA IS MISSING.
T  INDICATES TRACE AMOUNT.

$$
