000
CXUS52 KMLB 012234
CLMLEE

CLIMATE REPORT
NATIONAL WEATHER SERVICE MELBOURNE FL
634 PM EDT SAT OCT 01 2022

...................................

...THE LEESBURG CLIMATE SUMMARY FOR THE MONTH OF SEPTEMBER 2022...

CLIMATE NORMAL PERIOD 1991 TO 2020
CLIMATE RECORD PERIOD 1958 TO 2022

WEATHER         OBSERVED          NORMAL  DEPART   LAST YEAR`S
                VALUE   DATE(S)   VALUE   FROM     VALUE
                                          NORMAL
..............................................................
TEMPERATURE (F)
MONTHLY RECORD
 WARMEST        84.3   2018
 COOLEST        77.0   1967
DAILY RECORD
 HIGH            100   09/17/1990
 LOW              52   09/21/1981
                       09/20/1981
                       09/20/1967
SEPTEMBER 2022
HIGHEST           95   09/07                          95
LOWEST            61   09/30                          67
AVG. MAXIMUM    88.3               89.7    -1.4     90.9
AVG. MINIMUM    72.6               73.1    -0.5     74.1
MEAN            80.4               81.4    -1.0     82.5
DAYS MAX >= 90    16               18.1    -2.1       24
DAYS MAX <= 32     0                0.0     0.0        0
DAYS MIN <= 32     0                0.0     0.0        0
DAYS MIN <= 0      0                0.0     0.0        0

PRECIPITATION (INCHES)
MONTHLY RECORD
 MAXIMUM       14.58   1979
 MINIMUM        1.17   1981
DAILY RECORD
 MAXIMUM        6.48   09/10/2017
SEPTEMBER 2022
TOTALS          7.29               5.21    2.08     4.96
DAYS >= .01       18                                  15
DAYS >= .10       10                                  10
DAYS >= .50        4                                   5
DAYS >= 1.00       3                                   1
GREATEST
 24 HR. TOTAL   3.55   09/28 TO 09/29

SNOWFALL (INCHES)
TOTALS           0.0                 MM      MM      0.0
SINCE 7/1        0.0                 MM      MM       MM
DAYS >= TRACE      0                                   0

DEGREE DAYS
HEATING TOTAL      0                  0       0        0
 SINCE 7/1         0                  0       0       MM
COOLING TOTAL    473                492     -19      534
 SINCE 1/1      3174               2968     206       MM
..............................................................

WIND (MPH)
AVERAGE WIND SPEED              6.2
HIGHEST WIND SPEED/DIRECTION    41/020    DATE  09/29
HIGHEST GUST SPEED/DIRECTION    56/020    DATE  09/29

SKY COVER
POSSIBLE SUNSHINE (PERCENT)   MM
AVERAGE SKY COVER           0.32
NUMBER OF DAYS FAIR           20
NUMBER OF DAYS PC              8
NUMBER OF DAYS CLOUDY          2

AVERAGE RH (PERCENT)     78

WEATHER CONDITIONS. NUMBER OF DAYS WITH
THUNDERSTORM             16     MIXED PRECIP               0
HEAVY RAIN               10     RAIN                      11
LIGHT RAIN               18     LT FREEZING RAIN           0
HAIL                      0     LIGHT SNOW                 0
SLEET                     0     FOG                       15
FOG W/VIS <= 1/4 MILE     1     HAZE                       2

-  INDICATES NEGATIVE NUMBERS.
R  INDICATES RECORD WAS SET OR TIED.
MM INDICATES DATA IS MISSING.
T  INDICATES TRACE AMOUNT.

$$
